-- https://www.phpmyadmin.net/
--

START TRANSACTION;



--
-- Database: `u138477491_difference`
--

-- --------------------------------------------------------

--
-- Table structure for table `categories`
--

CREATE TABLE `categories` (
  `id` bigint(20) UNSIGNED NOT NULL,
  `name` text NOT NULL,
  `image` text NOT NULL,
  `created_at` timestamp NULL DEFAULT NULL,
  `updated_at` timestamp NULL DEFAULT NULL
) ENGINE=InnoDB DEFAULT CHARSET=utf8mb4 COLLATE=utf8mb4_unicode_ci;

--
-- Dumping data for table `categories`
--

INSERT INTO `categories` (`id`, `name`, `image`, `created_at`, `updated_at`) VALUES
(1, 'Mixed 🔁', 'imgs/cats/17329786887550.png', '2023-09-04 01:45:37', '2024-12-06 17:19:35'),
(2, 'Christmas 🎄', 'imgs/cats/17335189312368.png', '2023-09-04 01:45:00', '2024-12-06 21:21:39'),
(7, 'Rooms', 'imgs/cats/17335073222932.png', '2024-12-06 17:48:42', '2024-12-06 17:48:42');

-- --------------------------------------------------------

--
-- Table structure for table `challenges`
--

CREATE TABLE `challenges` (
  `id` bigint(20) UNSIGNED NOT NULL,
  `name` text NOT NULL,
  `image` text NOT NULL,
  `level_id` bigint(20) UNSIGNED NOT NULL,
  `prize` double NOT NULL,
  `created_at` timestamp NULL DEFAULT NULL,
  `updated_at` timestamp NULL DEFAULT NULL
) ENGINE=InnoDB DEFAULT CHARSET=utf8mb4 COLLATE=utf8mb4_unicode_ci;

--
-- Dumping data for table `challenges`
--

INSERT INTO `challenges` (`id`, `name`, `image`, `level_id`, `prize`, `created_at`, `updated_at`) VALUES
(12, 'Christmas Challenge', 'imgs/challenges/17328789004690.jpg', 41, 25, '2024-11-29 11:15:00', '2024-11-29 11:28:21');

-- --------------------------------------------------------

--
-- Table structure for table `failed_jobs`
--

CREATE TABLE `failed_jobs` (
  `id` bigint(20) UNSIGNED NOT NULL,
  `uuid` varchar(255) NOT NULL,
  `connection` text NOT NULL,
  `queue` text NOT NULL,
  `payload` longtext NOT NULL,
  `exception` longtext NOT NULL,
  `failed_at` timestamp NOT NULL DEFAULT current_timestamp()
) ENGINE=InnoDB DEFAULT CHARSET=utf8mb4 COLLATE=utf8mb4_unicode_ci;

-- --------------------------------------------------------

--
-- Table structure for table `levels`
--

CREATE TABLE `levels` (
  `id` bigint(20) UNSIGNED NOT NULL,
  `name` text NOT NULL,
  `image` text NOT NULL,
  `image2` text NOT NULL,
  `category_id` int(11) DEFAULT NULL,
  `created_at` timestamp NULL DEFAULT NULL,
  `updated_at` timestamp NULL DEFAULT NULL,
  `prize` int(11) NOT NULL DEFAULT 1
) ENGINE=InnoDB DEFAULT CHARSET=utf8mb4 COLLATE=utf8mb4_unicode_ci;

--
-- Dumping data for table `levels`
--

INSERT INTO `levels` (`id`, `name`, `image`, `image2`, `category_id`, `created_at`, `updated_at`, `prize`) VALUES
(1, 'level 1', 'imgs/levels/17032485163260.png', 'imgs/levels/17032485164735.png', 7, '2023-12-22 09:35:16', '2024-12-06 17:48:49', 1),
(2, 'level 2', 'imgs/levels/17032493154893.jpg', 'imgs/levels/17032493154581.jpg', 7, '2023-12-22 09:48:35', '2024-12-06 17:48:56', 1),
(3, 'level 3', 'imgs/levels/17032498681749.jpg', 'imgs/levels/17032498687765.jpg', 7, '2023-12-22 09:57:48', '2024-12-06 17:49:04', 1),
(4, 'level 4', 'imgs/levels/17032504203028.jpg', 'imgs/levels/17032504201346.jpg', 7, '2023-12-22 10:07:00', '2024-12-06 17:49:11', 1),
(7, 'level 5', 'imgs/levels/17032659752008.jpg', 'imgs/levels/17032659758612.jpg', 7, '2023-12-22 14:24:58', '2024-12-06 17:49:22', 1),
(8, 'level 6', 'imgs/levels/17032661188157.jpg', 'imgs/levels/17032661186866.jpg', 7, '2023-12-22 14:28:38', '2024-12-06 17:49:30', 1),
(9, 'level 7', 'imgs/levels/17032661188157.jpg', 'imgs/levels/17032661186866.jpg', 7, '2023-12-22 14:28:38', '2024-12-06 21:02:28', 1),
(12, 'level 8', 'imgs/levels/17032659752008.jpg', 'imgs/levels/17032659758612.jpg', 7, '2023-12-22 14:41:20', '2024-12-06 21:02:38', 1),
(13, 'level 9', 'imgs/levels/17032504203028.jpg', 'imgs/levels/17032504201346.jpg', 7, '2023-12-22 14:41:45', '2024-12-06 21:02:47', 1),
(14, 'level 10', 'imgs/levels/17032498681749.jpg', 'imgs/levels/17032498687765.jpg', 7, '2023-12-22 14:41:49', '2024-12-06 21:02:56', 1),
(15, 'level 11', 'imgs/levels/17032493154893.jpg', 'imgs/levels/17032493154581.jpg', 7, '2023-12-22 14:41:56', '2024-12-06 21:03:06', 1),
(16, 'level 12', 'imgs/levels/17032485163260.png', 'imgs/levels/17032485164735.png', 7, '2023-12-22 14:42:00', '2024-12-06 21:03:18', 1),
(38, '2', 'imgs/levels/17335282755658.png', 'imgs/levels/17335282756954.png', 1, '2024-11-28 18:45:38', '2024-12-06 23:37:55', 1),
(39, '3', 'imgs/levels/17328196385673.png', 'imgs/levels/17328196384168.png', 1, '2024-11-28 18:47:18', '2024-11-28 18:47:18', 1),
(40, '4', 'imgs/levels/17328198705385.png', 'imgs/levels/17328198702682.png', 1, '2024-11-28 18:51:10', '2024-11-28 18:51:10', 1),
(41, 'Christmas Challenge', 'imgs/levels/17328789002685.jpg', 'imgs/levels/17328789003750.jpg', 2, '2024-11-29 11:15:00', '2024-12-06 21:19:17', 100),
(42, '5', 'imgs/levels/17329723842045.png', 'imgs/levels/17329723844000.png', 1, '2024-11-30 13:13:04', '2024-11-30 13:13:04', 1),
(43, '6', 'imgs/levels/17329726464036.png', 'imgs/levels/17329726468558.png', 2, '2024-11-30 13:17:26', '2024-12-06 21:18:02', 1),
(44, '8', 'imgs/levels/17329728784403.png', 'imgs/levels/17329728785835.png', 1, '2024-11-30 13:21:18', '2024-11-30 13:21:18', 1),
(45, '9', 'imgs/levels/17329731285080.png', 'imgs/levels/17329731282332.png', 1, '2024-11-30 13:25:28', '2024-11-30 13:25:28', 1),
(46, '7', 'imgs/levels/17329732704956.png', 'imgs/levels/17329732703367.png', 1, '2024-11-30 13:27:50', '2024-11-30 13:27:50', 1),
(47, '10', 'imgs/levels/17329788847542.png', 'imgs/levels/17329788841204.png', 1, '2024-11-30 15:01:24', '2024-11-30 15:01:24', 1),
(48, '1', 'imgs/levels/17329929733005.png', 'imgs/levels/17329929737659.png', 1, '2024-11-30 18:56:13', '2024-11-30 18:56:13', 1),
(49, '11', 'imgs/levels/17329932134698.png', 'imgs/levels/17329932134153.png', 1, '2024-11-30 19:00:13', '2024-11-30 19:00:13', 1),
(50, '12', 'imgs/levels/17329933445333.png', 'imgs/levels/17329933446150.png', 1, '2024-11-30 19:02:24', '2024-11-30 19:02:24', 1),
(51, '13', 'imgs/levels/17329934873140.png', 'imgs/levels/17329934876773.png', 1, '2024-11-30 19:04:47', '2024-11-30 19:04:47', 1),
(52, '14', 'imgs/levels/17329936911775.png', 'imgs/levels/17329936912964.png', 1, '2024-11-30 19:08:11', '2024-11-30 19:08:11', 1),
(53, '15', 'imgs/levels/17329939163631.png', 'imgs/levels/17329939162503.png', 1, '2024-11-30 19:11:56', '2024-11-30 19:11:56', 1),
(54, '16', 'imgs/levels/17330462358691.png', 'imgs/levels/17330462355888.png', 1, '2024-12-01 09:43:55', '2024-12-01 09:43:55', 1),
(55, '17', 'imgs/levels/17330467971845.png', 'imgs/levels/17330467978169.png', 1, '2024-12-01 09:53:17', '2024-12-01 09:53:17', 1),
(56, '18', 'imgs/levels/17330470212274.png', 'imgs/levels/17330470213208.png', 1, '2024-12-01 09:57:01', '2024-12-01 09:57:01', 1),
(57, '19', 'imgs/levels/17330475066260.png', 'imgs/levels/17330475068350.png', 1, '2024-12-01 10:05:06', '2024-12-01 10:05:06', 1),
(58, '20', 'imgs/levels/17330476427616.png', 'imgs/levels/17330476426761.png', 1, '2024-12-01 10:07:22', '2024-12-01 10:07:22', 1),
(59, '21', 'imgs/levels/17332307985545.png', 'imgs/levels/17332307981096.png', 1, '2024-12-03 12:59:58', '2024-12-03 12:59:58', 1),
(60, '22', 'imgs/levels/17332310873207.png', 'imgs/levels/17332310872846.png', 1, '2024-12-03 13:04:47', '2024-12-03 13:04:47', 1),
(61, '23', 'imgs/levels/17332312641441.png', 'imgs/levels/17332312646672.png', 1, '2024-12-03 13:07:44', '2024-12-03 13:07:44', 1),
(63, '24', 'imgs/levels/17332320512601.png', 'imgs/levels/17332320514519.png', 1, '2024-12-03 13:20:51', '2024-12-03 13:20:51', 1),
(64, '25', 'imgs/levels/17332322951490.png', 'imgs/levels/17332322953150.png', 1, '2024-12-03 13:24:55', '2024-12-03 13:24:55', 1),
(65, '26', 'imgs/levels/17332401208626.png', 'imgs/levels/17332401206385.png', 1, '2024-12-03 15:35:20', '2024-12-03 15:35:20', 1),
(66, '27', 'imgs/levels/17332405082610.png', 'imgs/levels/17332405083408.png', 1, '2024-12-03 15:41:48', '2024-12-03 15:41:48', 1),
(67, '28', 'imgs/levels/17332407195627.png', 'imgs/levels/17332407197860.png', 2, '2024-12-03 15:45:19', '2024-12-06 21:19:03', 1),
(68, '29', 'imgs/levels/17335186215542.png', 'imgs/levels/17335186215012.png', 1, '2024-12-06 20:57:01', '2024-12-06 20:57:01', 1),
(69, '30', 'imgs/levels/17335188283979.png', 'imgs/levels/17335188286514.png', 1, '2024-12-06 21:00:28', '2024-12-06 21:00:28', 1),
(70, '31', 'imgs/levels/17337719948167.png', 'imgs/levels/17337719945812.png', 1, '2024-12-09 19:19:54', '2024-12-09 19:19:54', 1),
(71, '32', 'imgs/levels/17337721626379.png', 'imgs/levels/17337721622018.png', 1, '2024-12-09 19:22:42', '2024-12-09 19:22:42', 1),
(72, '33', 'imgs/levels/17337724308759.png', 'imgs/levels/17337724308818.png', 1, '2024-12-09 19:27:10', '2024-12-09 19:27:10', 1),
(73, '34', 'imgs/levels/17337726137359.png', 'imgs/levels/17337726131726.png', 1, '2024-12-09 19:30:13', '2024-12-09 19:30:13', 1),
(74, '35', 'imgs/levels/17338705236126.png', 'imgs/levels/17338705232214.png', 1, '2024-12-10 22:42:03', '2024-12-10 22:42:03', 1),
(75, 'Christmas', 'imgs/levels/17338706656142.png', 'imgs/levels/17338706651684.png', 2, '2024-12-10 22:44:25', '2024-12-10 22:44:25', 1),
(76, 'Christmas', 'imgs/levels/17338711124812.png', 'imgs/levels/17338711121722.png', 2, '2024-12-10 22:51:52', '2024-12-10 22:51:52', 1),
(77, 'Christmas', 'imgs/levels/17338714448643.png', 'imgs/levels/17338714444804.png', 2, '2024-12-10 22:57:24', '2024-12-10 22:57:24', 1),
(78, 'Christmas', 'imgs/levels/17338716505735.png', 'imgs/levels/17338716508152.png', 2, '2024-12-10 23:00:50', '2024-12-10 23:00:50', 1),
(79, 'Level 36', 'imgs/levels/17348057843172.png', 'imgs/levels/17348057843563.png', 1, '2024-12-21 18:29:44', '2024-12-21 18:29:44', 1),
(80, 'Level 13', 'imgs/levels/17352219173555.png', 'imgs/levels/17352219171858.png', 7, '2024-12-26 14:05:17', '2024-12-26 14:05:17', 1),
(81, 'Level 37', 'imgs/levels/17352411705200.png', 'imgs/levels/17352411707673.png', 1, '2024-12-26 19:26:10', '2024-12-26 19:26:10', 1),
(82, 'Level 14', 'imgs/levels/17352413043376.png', 'imgs/levels/17352413047784.png', 7, '2024-12-26 19:28:24', '2024-12-26 20:09:58', 1),
(83, '38', 'imgs/levels/17358175576239.png', 'imgs/levels/17358175573161.png', 1, '2025-01-02 11:32:37', '2025-01-02 11:32:37', 1),
(84, '39', 'imgs/levels/17358177048787.png', 'imgs/levels/17358177047540.png', 1, '2025-01-02 11:35:04', '2025-01-02 11:35:04', 1),
(85, 'Level 40', 'imgs/levels/17358178871346.png', 'imgs/levels/17358178875955.png', 1, '2025-01-02 11:38:07', '2025-01-02 11:38:07', 1),
(86, 'Level 41', 'imgs/levels/17360907115152.png', 'imgs/levels/17360907112562.png', 1, '2025-01-05 15:25:11', '2025-01-05 15:25:11', 1),
(87, 'Level 42', 'imgs/levels/17361998617594.png', 'imgs/levels/17361998614312.png', 1, '2025-01-06 21:44:21', '2025-01-06 21:44:21', 1);

-- --------------------------------------------------------

--
-- Table structure for table `migrations`
--

CREATE TABLE `migrations` (
  `id` int(10) UNSIGNED NOT NULL,
  `migration` varchar(255) NOT NULL,
  `batch` int(11) NOT NULL
) ENGINE=InnoDB DEFAULT CHARSET=utf8mb4 COLLATE=utf8mb4_unicode_ci;

--
-- Dumping data for table `migrations`
--

INSERT INTO `migrations` (`id`, `migration`, `batch`) VALUES
(1, '2014_10_12_000000_create_users_table', 1),
(2, '2014_10_12_100000_create_password_reset_tokens_table', 1),
(3, '2019_08_19_000000_create_failed_jobs_table', 1),
(4, '2019_12_14_000001_create_personal_access_tokens_table', 1),
(5, '2023_08_23_173555_create_categories_table', 1),
(6, '2023_08_23_173702_create_levels_table', 1),
(7, '2023_08_30_222515_create_points_table', 1),
(8, '2023_09_08_024316_create_challenges_table', 1),
(9, '2023_12_11_152206_add_points_to_users_table', 1),
(10, '2023_12_12_201312_create_user_levels_table', 1),
(11, '2023_12_13_184123_add_solved_to_users_table', 1),
(12, '2023_12_13_184159_add_prize_to_levels_table', 1),
(13, '2023_12_15_202357_create_permission_tables', 1);

-- --------------------------------------------------------

--
-- Table structure for table `model_has_permissions`
--

CREATE TABLE `model_has_permissions` (
  `permission_id` bigint(20) UNSIGNED NOT NULL,
  `model_type` varchar(255) NOT NULL,
  `model_id` bigint(20) UNSIGNED NOT NULL
) ENGINE=InnoDB DEFAULT CHARSET=utf8mb4 COLLATE=utf8mb4_unicode_ci;

-- --------------------------------------------------------

--
-- Table structure for table `model_has_roles`
--

CREATE TABLE `model_has_roles` (
  `role_id` bigint(20) UNSIGNED NOT NULL,
  `model_type` varchar(255) NOT NULL,
  `model_id` bigint(20) UNSIGNED NOT NULL
) ENGINE=InnoDB DEFAULT CHARSET=utf8mb4 COLLATE=utf8mb4_unicode_ci;

--
-- Dumping data for table `model_has_roles`
--

INSERT INTO `model_has_roles` (`role_id`, `model_type`, `model_id`) VALUES
(1, 'App\\Models\\User', 1),
(2, 'App\\Models\\User', 2),
(2, 'App\\Models\\User', 3),
(2, 'App\\Models\\User', 4),
(2, 'App\\Models\\User', 5),
(2, 'App\\Models\\User', 6),
(2, 'App\\Models\\User', 7),
(2, 'App\\Models\\User', 8),
(2, 'App\\Models\\User', 9),
(2, 'App\\Models\\User', 10),
(2, 'App\\Models\\User', 11),
(2, 'App\\Models\\User', 12),
(2, 'App\\Models\\User', 13),
(2, 'App\\Models\\User', 14),
(2, 'App\\Models\\User', 15),
(2, 'App\\Models\\User', 16),
(2, 'App\\Models\\User', 17),
(2, 'App\\Models\\User', 18),
(2, 'App\\Models\\User', 19),
(2, 'App\\Models\\User', 20),
(2, 'App\\Models\\User', 21),
(2, 'App\\Models\\User', 22),
(2, 'App\\Models\\User', 23),
(2, 'App\\Models\\User', 24),
(2, 'App\\Models\\User', 25),
(2, 'App\\Models\\User', 26),
(2, 'App\\Models\\User', 27),
(2, 'App\\Models\\User', 28),
(2, 'App\\Models\\User', 29),
(2, 'App\\Models\\User', 30),
(2, 'App\\Models\\User', 31),
(2, 'App\\Models\\User', 32),
(2, 'App\\Models\\User', 33),
(2, 'App\\Models\\User', 34),
(2, 'App\\Models\\User', 35),
(2, 'App\\Models\\User', 36),
(2, 'App\\Models\\User', 37),
(2, 'App\\Models\\User', 38),
(2, 'App\\Models\\User', 39),
(2, 'App\\Models\\User', 40),
(2, 'App\\Models\\User', 41),
(2, 'App\\Models\\User', 42),
(2, 'App\\Models\\User', 43),
(2, 'App\\Models\\User', 44),
(2, 'App\\Models\\User', 45),
(2, 'App\\Models\\User', 46),
(2, 'App\\Models\\User', 47),
(2, 'App\\Models\\User', 48),
(2, 'App\\Models\\User', 49),
(2, 'App\\Models\\User', 50),
(2, 'App\\Models\\User', 51),
(2, 'App\\Models\\User', 52),
(2, 'App\\Models\\User', 53),
(2, 'App\\Models\\User', 54),
(2, 'App\\Models\\User', 55),
(2, 'App\\Models\\User', 56),
(2, 'App\\Models\\User', 57),
(2, 'App\\Models\\User', 58),
(2, 'App\\Models\\User', 59),
(2, 'App\\Models\\User', 60),
(2, 'App\\Models\\User', 61),
(2, 'App\\Models\\User', 62),
(2, 'App\\Models\\User', 63),
(2, 'App\\Models\\User', 64),
(2, 'App\\Models\\User', 65),
(2, 'App\\Models\\User', 66),
(2, 'App\\Models\\User', 67),
(2, 'App\\Models\\User', 68),
(2, 'App\\Models\\User', 69),
(2, 'App\\Models\\User', 70),
(2, 'App\\Models\\User', 71),
(2, 'App\\Models\\User', 72),
(2, 'App\\Models\\User', 73),
(2, 'App\\Models\\User', 74),
(2, 'App\\Models\\User', 75),
(2, 'App\\Models\\User', 76),
(2, 'App\\Models\\User', 77),
(2, 'App\\Models\\User', 78),
(2, 'App\\Models\\User', 79),
(2, 'App\\Models\\User', 80),
(2, 'App\\Models\\User', 81),
(2, 'App\\Models\\User', 82),
(2, 'App\\Models\\User', 83),
(2, 'App\\Models\\User', 84),
(2, 'App\\Models\\User', 85),
(2, 'App\\Models\\User', 86),
(2, 'App\\Models\\User', 87),
(2, 'App\\Models\\User', 88),
(2, 'App\\Models\\User', 89),
(2, 'App\\Models\\User', 90),
(2, 'App\\Models\\User', 91),
(2, 'App\\Models\\User', 92),
(2, 'App\\Models\\User', 93),
(2, 'App\\Models\\User', 94),
(2, 'App\\Models\\User', 95),
(2, 'App\\Models\\User', 96),
(2, 'App\\Models\\User', 97),
(2, 'App\\Models\\User', 98),
(2, 'App\\Models\\User', 99),
(2, 'App\\Models\\User', 100),
(2, 'App\\Models\\User', 101),
(2, 'App\\Models\\User', 102),
(2, 'App\\Models\\User', 103),
(2, 'App\\Models\\User', 104),
(2, 'App\\Models\\User', 105),
(2, 'App\\Models\\User', 106),
(2, 'App\\Models\\User', 107),
(2, 'App\\Models\\User', 108),
(2, 'App\\Models\\User', 109),
(2, 'App\\Models\\User', 110),
(2, 'App\\Models\\User', 111),
(2, 'App\\Models\\User', 112),
(2, 'App\\Models\\User', 113),
(2, 'App\\Models\\User', 114),
(2, 'App\\Models\\User', 115),
(2, 'App\\Models\\User', 116),
(2, 'App\\Models\\User', 117),
(2, 'App\\Models\\User', 118),
(2, 'App\\Models\\User', 119),
(2, 'App\\Models\\User', 120),
(2, 'App\\Models\\User', 121),
(2, 'App\\Models\\User', 122),
(2, 'App\\Models\\User', 123),
(2, 'App\\Models\\User', 124),
(2, 'App\\Models\\User', 125),
(2, 'App\\Models\\User', 126),
(2, 'App\\Models\\User', 127),
(2, 'App\\Models\\User', 128),
(2, 'App\\Models\\User', 129),
(2, 'App\\Models\\User', 130),
(2, 'App\\Models\\User', 131);

-- --------------------------------------------------------

--
-- Table structure for table `oauth_personal_access_clients`
--

CREATE TABLE `oauth_personal_access_clients` (
  `id` int(10) UNSIGNED NOT NULL,
  `client_id` int(10) UNSIGNED NOT NULL,
  `created_at` timestamp NULL DEFAULT NULL,
  `updated_at` timestamp NULL DEFAULT NULL
) ENGINE=InnoDB DEFAULT CHARSET=utf8mb4 COLLATE=utf8mb4_unicode_ci;

--
-- Dumping data for table `oauth_personal_access_clients`
--

INSERT INTO `oauth_personal_access_clients` (`id`, `client_id`, `created_at`, `updated_at`) VALUES
(1, 1, '2024-11-16 22:41:15', '2024-11-16 22:41:15');

-- --------------------------------------------------------

--
-- Table structure for table `permissions`
--

CREATE TABLE `permissions` (
  `id` bigint(20) UNSIGNED NOT NULL,
  `name` varchar(255) NOT NULL,
  `guard_name` varchar(255) NOT NULL,
  `created_at` timestamp NULL DEFAULT NULL,
  `updated_at` timestamp NULL DEFAULT NULL
) ENGINE=InnoDB DEFAULT CHARSET=utf8mb4 COLLATE=utf8mb4_unicode_ci;

-- --------------------------------------------------------

--
-- Table structure for table `points`
--

CREATE TABLE `points` (
  `id` bigint(20) UNSIGNED NOT NULL,
  `x` double NOT NULL,
  `y` double NOT NULL,
  `level_id` bigint(20) UNSIGNED NOT NULL,
  `created_at` timestamp NULL DEFAULT NULL,
  `updated_at` timestamp NULL DEFAULT NULL
) ENGINE=InnoDB DEFAULT CHARSET=utf8mb4 COLLATE=utf8mb4_unicode_ci;

--
-- Dumping data for table `points`
--

INSERT INTO `points` (`id`, `x`, `y`, `level_id`, `created_at`, `updated_at`) VALUES
(2, 10.57, 52.89, 1, '2023-12-22 09:35:40', '2023-12-22 09:35:40'),
(3, 32.85, 8.42, 1, '2023-12-22 09:35:40', '2023-12-22 09:35:40'),
(4, 91.38, 42.7, 1, '2023-12-22 09:35:40', '2023-12-22 09:35:40'),
(5, 89.87, 10.97, 1, '2023-12-22 09:35:40', '2023-12-22 09:35:40'),
(6, 26.62, 70.54, 2, '2023-12-22 09:48:57', '2023-12-22 09:48:57'),
(7, 51.54, 13.72, 2, '2023-12-22 09:48:57', '2023-12-22 09:48:57'),
(8, 51.17, 38.76, 2, '2023-12-22 09:48:57', '2023-12-22 09:48:57'),
(9, 91.01, 72.79, 2, '2023-12-22 09:48:57', '2023-12-22 09:48:57'),
(10, 90.44, 36.51, 2, '2023-12-22 09:48:57', '2023-12-22 09:48:57'),
(11, 94.22, 40.31, 3, '2023-12-22 09:58:05', '2023-12-22 09:58:05'),
(12, 61.17, 45.22, 3, '2023-12-22 09:58:05', '2023-12-22 09:58:05'),
(13, 52.3, 71.28, 3, '2023-12-22 09:58:05', '2023-12-22 09:58:05'),
(14, 7.74, 64.48, 3, '2023-12-22 09:58:05', '2023-12-22 09:58:05'),
(15, 11.32, 66.49, 4, '2023-12-22 10:07:55', '2023-12-22 10:07:55'),
(16, 13.59, 44.96, 4, '2023-12-22 10:07:55', '2023-12-22 10:07:55'),
(17, 83.53, 14.66, 4, '2023-12-22 10:07:55', '2023-12-22 10:07:55'),
(18, 38.33, 51.6, 7, '2023-12-22 14:26:35', '2023-12-22 14:26:35'),
(19, 37.76, 17.25, 7, '2023-12-22 14:26:35', '2023-12-22 14:26:35'),
(20, 54.38, 67.01, 7, '2023-12-22 14:26:35', '2023-12-22 14:26:35'),
(21, 92.14, 71.5, 7, '2023-12-22 14:26:35', '2023-12-22 14:26:35'),
(22, 86.85, 32.02, 7, '2023-12-22 14:26:35', '2023-12-22 14:26:35'),
(23, 44.37, 28.17, 8, '2023-12-22 14:28:48', '2023-12-22 14:28:48'),
(24, 62.12, 60.27, 8, '2023-12-22 14:28:48', '2023-12-22 14:28:48'),
(25, 94.41, 12.76, 8, '2023-12-22 14:28:48', '2023-12-22 14:28:48'),
(26, 44.37, 28.17, 9, '2023-12-22 14:28:48', '2023-12-22 14:28:48'),
(27, 62.12, 60.27, 9, '2023-12-22 14:28:48', '2023-12-22 14:28:48'),
(28, 94.41, 12.76, 9, '2023-12-22 14:28:48', '2023-12-22 14:28:48'),
(34, 38.33, 51.6, 12, '2023-12-22 14:41:20', '2023-12-22 14:41:20'),
(35, 37.76, 17.25, 12, '2023-12-22 14:41:20', '2023-12-22 14:41:20'),
(36, 54.38, 67.01, 12, '2023-12-22 14:41:20', '2023-12-22 14:41:20'),
(37, 92.14, 71.5, 12, '2023-12-22 14:41:20', '2023-12-22 14:41:20'),
(38, 86.85, 32.02, 12, '2023-12-22 14:41:20', '2023-12-22 14:41:20'),
(39, 11.32, 66.49, 13, '2023-12-22 14:41:45', '2023-12-22 14:41:45'),
(40, 13.59, 44.96, 13, '2023-12-22 14:41:45', '2023-12-22 14:41:45'),
(41, 83.53, 14.66, 13, '2023-12-22 14:41:45', '2023-12-22 14:41:45'),
(42, 94.22, 40.31, 14, '2023-12-22 14:41:49', '2023-12-22 14:41:49'),
(43, 61.17, 45.22, 14, '2023-12-22 14:41:49', '2023-12-22 14:41:49'),
(44, 52.3, 71.28, 14, '2023-12-22 14:41:49', '2023-12-22 14:41:49'),
(45, 7.74, 64.48, 14, '2023-12-22 14:41:49', '2023-12-22 14:41:49'),
(46, 26.62, 70.54, 15, '2023-12-22 14:41:56', '2023-12-22 14:41:56'),
(47, 51.54, 13.72, 15, '2023-12-22 14:41:56', '2023-12-22 14:41:56'),
(48, 51.17, 38.76, 15, '2023-12-22 14:41:56', '2023-12-22 14:41:56'),
(49, 91.01, 72.79, 15, '2023-12-22 14:41:56', '2023-12-22 14:41:56'),
(50, 90.44, 36.51, 15, '2023-12-22 14:41:56', '2023-12-22 14:41:56'),
(51, 10.57, 71.87, 16, '2023-12-22 14:42:00', '2023-12-22 14:42:00'),
(52, 10.57, 52.89, 16, '2023-12-22 14:42:00', '2023-12-22 14:42:00'),
(53, 32.85, 8.42, 16, '2023-12-22 14:42:00', '2023-12-22 14:42:00'),
(54, 91.38, 42.7, 16, '2023-12-22 14:42:00', '2023-12-22 14:42:00'),
(55, 89.87, 10.97, 16, '2023-12-22 14:42:00', '2023-12-22 14:42:00'),
(107, 10.76, 72.15, 1, '2023-12-22 17:44:22', '2023-12-22 17:44:22'),
(136, 81.19, 35.06, 38, '2024-11-28 18:46:09', '2024-11-28 18:46:09'),
(137, 45.07, 14.6, 38, '2024-11-28 18:46:09', '2024-11-28 18:46:09'),
(138, 25.07, 45.4, 38, '2024-11-28 18:46:09', '2024-11-28 18:46:09'),
(139, 45.82, 12.8, 39, '2024-11-28 18:47:27', '2024-11-28 18:47:27'),
(140, 55.52, 78.67, 39, '2024-11-28 18:47:27', '2024-11-28 18:47:27'),
(141, 85.37, 89.69, 39, '2024-11-28 18:47:27', '2024-11-28 18:47:27'),
(142, 46.56, 29.66, 40, '2024-11-28 18:51:33', '2024-11-28 18:51:33'),
(143, 45.52, 67.97, 40, '2024-11-28 18:51:33', '2024-11-28 18:51:33'),
(144, 21.94, 60.65, 40, '2024-11-28 18:51:33', '2024-11-28 18:51:33'),
(145, 87.01, 33.79, 40, '2024-11-28 18:51:33', '2024-11-28 18:51:33'),
(146, 44.62, 17.83, 40, '2024-11-28 18:51:33', '2024-11-28 18:51:33'),
(147, 36.26, 28.83, 41, '2024-11-29 11:18:10', '2024-11-29 11:18:10'),
(148, 5.52, 78.28, 41, '2024-11-29 11:18:10', '2024-11-29 11:18:10'),
(149, 72.68, 90.16, 41, '2024-11-29 11:18:10', '2024-11-29 11:18:10'),
(150, 90.59, 71.25, 41, '2024-11-29 11:18:10', '2024-11-29 11:18:10'),
(151, 78.65, 20.59, 41, '2024-11-29 11:18:10', '2024-11-29 11:18:10'),
(152, 58.95, 12.11, 41, '2024-11-29 11:18:10', '2024-11-29 11:18:10'),
(153, 37.61, 74.4, 41, '2024-11-29 11:18:10', '2024-11-29 11:18:10'),
(154, 48.35, 78.77, 41, '2024-11-29 11:18:10', '2024-11-29 11:18:10'),
(155, 67.91, 39.26, 41, '2024-11-29 11:18:10', '2024-11-29 11:18:10'),
(156, 15.22, 44.83, 41, '2024-11-29 11:18:10', '2024-11-29 11:18:10'),
(157, 68.2, 15.96, 42, '2024-11-30 13:13:25', '2024-11-30 13:13:25'),
(158, 58.05, 36.86, 42, '2024-11-30 13:13:25', '2024-11-30 13:13:25'),
(159, 43.13, 91.48, 42, '2024-11-30 13:13:25', '2024-11-30 13:13:25'),
(160, 37.76, 18.8, 42, '2024-11-30 13:13:25', '2024-11-30 13:13:25'),
(161, 28.95, 5.22, 42, '2024-11-30 13:13:25', '2024-11-30 13:13:25'),
(162, 30.74, 58.33, 43, '2024-11-30 13:19:58', '2024-11-30 13:19:58'),
(163, 60.74, 42.4, 43, '2024-11-30 13:19:58', '2024-11-30 13:19:58'),
(164, 41.94, 25.7, 43, '2024-11-30 13:19:58', '2024-11-30 13:19:58'),
(165, 90.89, 34.34, 43, '2024-11-30 13:19:58', '2024-11-30 13:19:58'),
(166, 19.55, 53.91, 43, '2024-11-30 13:19:58', '2024-11-30 13:19:58'),
(167, 31.64, 82.12, 43, '2024-11-30 13:19:58', '2024-11-30 13:19:58'),
(168, 49.4, 82.12, 44, '2024-11-30 13:23:47', '2024-11-30 13:23:47'),
(169, 55.82, 47.39, 44, '2024-11-30 13:23:47', '2024-11-30 13:23:47'),
(170, 68.8, 33.96, 44, '2024-11-30 13:23:47', '2024-11-30 13:23:47'),
(171, 92.08, 12.85, 44, '2024-11-30 13:23:47', '2024-11-30 13:23:47'),
(172, 9.55, 23.98, 44, '2024-11-30 13:23:47', '2024-11-30 13:23:47'),
(173, 30.89, 34.72, 44, '2024-11-30 13:23:47', '2024-11-30 13:23:47'),
(174, 73.43, 56.22, 44, '2024-11-30 13:23:47', '2024-11-30 13:23:47'),
(175, 19.85, 63.13, 44, '2024-11-30 13:23:47', '2024-11-30 13:23:47'),
(176, 30.89, 25.13, 45, '2024-11-30 13:25:51', '2024-11-30 13:25:51'),
(177, 70.29, 20.33, 45, '2024-11-30 13:25:51', '2024-11-30 13:25:51'),
(178, 32.68, 59.29, 45, '2024-11-30 13:25:51', '2024-11-30 13:25:51'),
(179, 67.46, 42.21, 45, '2024-11-30 13:25:51', '2024-11-30 13:25:51'),
(180, 68.35, 53.53, 46, '2024-11-30 13:28:59', '2024-11-30 13:28:59'),
(181, 33.73, 68.5, 46, '2024-11-30 13:28:59', '2024-11-30 13:28:59'),
(182, 81.19, 59.1, 46, '2024-11-30 13:28:59', '2024-11-30 13:28:59'),
(183, 49.55, 64.66, 46, '2024-11-30 13:28:59', '2024-11-30 13:28:59'),
(184, 67.46, 81.16, 46, '2024-11-30 13:28:59', '2024-11-30 13:28:59'),
(185, 33.43, 28.2, 46, '2024-11-30 13:28:59', '2024-11-30 13:28:59'),
(186, 53.43, 13.23, 47, '2024-11-30 15:02:05', '2024-11-30 15:02:05'),
(187, 35.52, 15.73, 47, '2024-11-30 15:02:05', '2024-11-30 15:02:05'),
(188, 30.44, 55.83, 47, '2024-11-30 15:02:05', '2024-11-30 15:02:05'),
(189, 74.02, 56.02, 47, '2024-11-30 15:02:05', '2024-11-30 15:02:05'),
(190, 63.58, 41.06, 47, '2024-11-30 15:02:05', '2024-11-30 15:02:05'),
(191, 21.79, 83.27, 47, '2024-11-30 15:02:05', '2024-11-30 15:02:05'),
(192, 7.76, 51.23, 47, '2024-11-30 15:02:05', '2024-11-30 15:02:05'),
(193, 91.49, 79.63, 47, '2024-11-30 15:02:05', '2024-11-30 15:02:05'),
(194, 78.95, 13.62, 48, '2024-11-30 18:57:54', '2024-11-30 18:57:54'),
(195, 48.65, 20.14, 48, '2024-11-30 18:57:54', '2024-11-30 18:57:54'),
(196, 24.32, 23.98, 48, '2024-11-30 18:57:54', '2024-11-30 18:57:54'),
(197, 7.31, 32.61, 48, '2024-11-30 18:57:54', '2024-11-30 18:57:54'),
(198, 87.61, 37.41, 48, '2024-11-30 18:57:54', '2024-11-30 18:57:54'),
(199, 44.32, 62.36, 48, '2024-11-30 18:57:54', '2024-11-30 18:57:54'),
(200, 66.11, 61.01, 48, '2024-11-30 18:57:54', '2024-11-30 18:57:54'),
(201, 47.46, 32.61, 49, '2024-11-30 19:00:56', '2024-11-30 19:00:56'),
(202, 20.74, 46.43, 49, '2024-11-30 19:00:56', '2024-11-30 19:00:56'),
(203, 23.28, 63.89, 49, '2024-11-30 19:00:56', '2024-11-30 19:00:56'),
(204, 78.95, 58.71, 49, '2024-11-30 19:00:56', '2024-11-30 19:00:56'),
(205, 48.05, 63.13, 49, '2024-11-30 19:00:56', '2024-11-30 19:00:56'),
(206, 32.53, 6.32, 49, '2024-11-30 19:00:56', '2024-11-30 19:00:56'),
(207, 26.56, 12.66, 50, '2024-11-30 19:03:39', '2024-11-30 19:03:39'),
(208, 65.82, 36.84, 50, '2024-11-30 19:03:39', '2024-11-30 19:03:39'),
(209, 88.8, 73.1, 50, '2024-11-30 19:03:39', '2024-11-30 19:03:39'),
(210, 85.97, 21.48, 50, '2024-11-30 19:03:39', '2024-11-30 19:03:39'),
(211, 47.31, 80.59, 50, '2024-11-30 19:03:39', '2024-11-30 19:03:39'),
(212, 11.04, 34.72, 50, '2024-11-30 19:03:39', '2024-11-30 19:03:39'),
(213, 39.25, 29.35, 50, '2024-11-30 19:03:39', '2024-11-30 19:03:39'),
(214, 46.71, 20.72, 51, '2024-11-30 19:05:49', '2024-11-30 19:05:49'),
(215, 17.46, 56.98, 51, '2024-11-30 19:05:49', '2024-11-30 19:05:49'),
(216, 13.43, 18.6, 51, '2024-11-30 19:05:49', '2024-11-30 19:05:49'),
(217, 41.64, 55.07, 51, '2024-11-30 19:05:49', '2024-11-30 19:05:49'),
(218, 64.77, 64.28, 51, '2024-11-30 19:05:49', '2024-11-30 19:05:49'),
(219, 76.26, 39.14, 51, '2024-11-30 19:05:49', '2024-11-30 19:05:49'),
(220, 78.35, 63.13, 51, '2024-11-30 19:05:49', '2024-11-30 19:05:49'),
(221, 69.55, 24.88, 52, '2024-11-30 19:09:49', '2024-11-30 19:09:49'),
(222, 96.11, 65.72, 52, '2024-11-30 19:09:49', '2024-11-30 19:09:49'),
(223, 36.86, 28.58, 52, '2024-11-30 19:09:49', '2024-11-30 19:09:49'),
(224, 49.7, 30.13, 52, '2024-11-30 19:09:49', '2024-11-30 19:09:49'),
(225, 25.22, 55.02, 52, '2024-11-30 19:09:49', '2024-11-30 19:09:49'),
(226, 80.89, 37.13, 52, '2024-11-30 19:09:49', '2024-11-30 19:09:49'),
(227, 9.7, 16.13, 53, '2024-11-30 19:13:36', '2024-11-30 19:13:36'),
(228, 51.34, 59.3, 53, '2024-11-30 19:13:36', '2024-11-30 19:13:36'),
(229, 76.11, 31.49, 53, '2024-11-30 19:13:36', '2024-11-30 19:13:36'),
(230, 4.47, 75.63, 53, '2024-11-30 19:13:36', '2024-11-30 19:13:36'),
(231, 28.05, 37.52, 53, '2024-11-30 19:13:36', '2024-11-30 19:13:36'),
(232, 92.23, 22.94, 53, '2024-11-30 19:13:36', '2024-11-30 19:13:36'),
(233, 48.65, 20.21, 53, '2024-11-30 19:13:36', '2024-11-30 19:13:36'),
(234, 92.68, 53.86, 53, '2024-11-30 19:13:36', '2024-11-30 19:13:36'),
(235, 71.64, 70.58, 54, '2024-12-01 09:44:52', '2024-12-01 09:44:52'),
(236, 25.67, 66.11, 54, '2024-12-01 09:44:52', '2024-12-01 09:44:52'),
(237, 24.77, 44.13, 54, '2024-12-01 09:44:52', '2024-12-01 09:44:52'),
(238, 45.07, 80.11, 54, '2024-12-01 09:44:52', '2024-12-01 09:44:52'),
(239, 85.52, 36.55, 54, '2024-12-01 09:44:52', '2024-12-01 09:44:52'),
(240, 60.59, 13.6, 54, '2024-12-01 09:44:52', '2024-12-01 09:44:52'),
(241, 85.52, 79.13, 54, '2024-12-01 09:44:52', '2024-12-01 09:44:52'),
(242, 33.28, 13.21, 55, '2024-12-01 09:55:33', '2024-12-01 09:55:33'),
(243, 79.7, 11.46, 55, '2024-12-01 09:55:33', '2024-12-01 09:55:33'),
(244, 58.05, 43.35, 55, '2024-12-01 09:55:33', '2024-12-01 09:55:33'),
(245, 55.37, 77.38, 55, '2024-12-01 09:55:33', '2024-12-01 09:55:33'),
(246, 40.14, 55.41, 55, '2024-12-01 09:55:33', '2024-12-01 09:55:33'),
(247, 20.59, 75.63, 55, '2024-12-01 09:55:33', '2024-12-01 09:55:33'),
(248, 73.43, 92.36, 55, '2024-12-01 09:55:33', '2024-12-01 09:55:33'),
(249, 66.11, 27.02, 56, '2024-12-01 09:58:28', '2024-12-01 09:58:28'),
(250, 50, 27.41, 56, '2024-12-01 09:58:28', '2024-12-01 09:58:28'),
(251, 88.35, 65.72, 56, '2024-12-01 09:58:28', '2024-12-01 09:58:28'),
(252, 17.16, 21.96, 56, '2024-12-01 09:58:28', '2024-12-01 09:58:28'),
(253, 35.07, 73.3, 56, '2024-12-01 09:58:28', '2024-12-01 09:58:28'),
(254, 50, 45.69, 56, '2024-12-01 09:58:28', '2024-12-01 09:58:28'),
(255, 16.86, 71.55, 56, '2024-12-01 09:58:28', '2024-12-01 09:58:28'),
(256, 36.26, 38.3, 57, '2024-12-01 10:05:54', '2024-12-01 10:05:54'),
(257, 62.83, 39.27, 57, '2024-12-01 10:05:54', '2024-12-01 10:05:54'),
(258, 80.74, 30.52, 57, '2024-12-01 10:05:54', '2024-12-01 10:05:54'),
(259, 43.88, 24.1, 57, '2024-12-01 10:05:54', '2024-12-01 10:05:54'),
(260, 49.25, 85.55, 57, '2024-12-01 10:05:54', '2024-12-01 10:05:54'),
(261, 9.1, 50.94, 57, '2024-12-01 10:05:54', '2024-12-01 10:05:54'),
(262, 92.53, 28.19, 57, '2024-12-01 10:05:54', '2024-12-01 10:05:54'),
(263, 62.53, 30.52, 58, '2024-12-01 10:08:48', '2024-12-01 10:08:48'),
(264, 39.7, 19.63, 58, '2024-12-01 10:08:48', '2024-12-01 10:08:48'),
(265, 49.25, 92.16, 58, '2024-12-01 10:08:48', '2024-12-01 10:08:48'),
(266, 31.94, 42.77, 58, '2024-12-01 10:08:48', '2024-12-01 10:08:48'),
(267, 18.05, 32.08, 58, '2024-12-01 10:08:48', '2024-12-01 10:08:48'),
(268, 3.73, 57.16, 58, '2024-12-01 10:08:48', '2024-12-01 10:08:48'),
(269, 83.88, 69.41, 58, '2024-12-01 10:08:48', '2024-12-01 10:08:48'),
(270, 92.23, 29.49, 59, '2024-12-03 13:01:24', '2024-12-03 13:01:24'),
(271, 15.07, 64.9, 59, '2024-12-03 13:01:24', '2024-12-03 13:01:24'),
(272, 36.86, 78.08, 59, '2024-12-03 13:01:24', '2024-12-03 13:01:24'),
(273, 84.47, 40.51, 59, '2024-12-03 13:01:24', '2024-12-03 13:01:24'),
(274, 52.68, 32.05, 59, '2024-12-03 13:01:24', '2024-12-03 13:01:24'),
(275, 29.4, 46.21, 59, '2024-12-03 13:01:24', '2024-12-03 13:01:24'),
(276, 79.1, 75.52, 59, '2024-12-03 13:01:24', '2024-12-03 13:01:24'),
(277, 10.44, 35.59, 59, '2024-12-03 13:01:24', '2024-12-03 13:01:24'),
(278, 50, 38.74, 60, '2024-12-03 13:06:44', '2024-12-03 13:06:44'),
(279, 13.43, 32.64, 60, '2024-12-03 13:06:44', '2024-12-03 13:06:44'),
(280, 11.94, 72.96, 60, '2024-12-03 13:06:44', '2024-12-03 13:06:44'),
(281, 50.59, 65.29, 60, '2024-12-03 13:06:44', '2024-12-03 13:06:44'),
(282, 89.55, 54.67, 60, '2024-12-03 13:06:44', '2024-12-03 13:06:44'),
(283, 79.55, 66.27, 60, '2024-12-03 13:06:44', '2024-12-03 13:06:44'),
(284, 29.85, 32.64, 60, '2024-12-03 13:06:44', '2024-12-03 13:06:44'),
(285, 88.95, 42.47, 60, '2024-12-03 13:06:44', '2024-12-03 13:06:44'),
(286, 4.92, 10.81, 61, '2024-12-03 13:09:12', '2024-12-03 13:09:12'),
(287, 36.71, 32.05, 61, '2024-12-03 13:09:12', '2024-12-03 13:09:12'),
(288, 45.07, 68.04, 61, '2024-12-03 13:09:12', '2024-12-03 13:09:12'),
(289, 58.65, 56.44, 61, '2024-12-03 13:09:12', '2024-12-03 13:09:12'),
(290, 94.77, 54.28, 61, '2024-12-03 13:09:12', '2024-12-03 13:09:12'),
(291, 71.79, 46.21, 61, '2024-12-03 13:09:12', '2024-12-03 13:09:12'),
(292, 4.02, 58.41, 61, '2024-12-03 13:09:12', '2024-12-03 13:09:12'),
(293, 54.77, 22.22, 61, '2024-12-03 13:09:12', '2024-12-03 13:09:12'),
(294, 9.4, 14.74, 63, '2024-12-03 13:22:20', '2024-12-03 13:22:20'),
(295, 27.46, 67.06, 63, '2024-12-03 13:22:20', '2024-12-03 13:22:20'),
(296, 81.34, 57.62, 63, '2024-12-03 13:22:20', '2024-12-03 13:22:20'),
(297, 90.74, 89.09, 63, '2024-12-03 13:22:20', '2024-12-03 13:22:20'),
(298, 72.08, 25.95, 63, '2024-12-03 13:22:20', '2024-12-03 13:22:20'),
(299, 38.65, 89.88, 63, '2024-12-03 13:22:20', '2024-12-03 13:22:20'),
(300, 67.76, 50.34, 63, '2024-12-03 13:22:20', '2024-12-03 13:22:20'),
(301, 7.91, 42.87, 64, '2024-12-03 13:25:40', '2024-12-03 13:25:40'),
(302, 25.07, 41.1, 64, '2024-12-03 13:25:40', '2024-12-03 13:25:40'),
(303, 36.56, 15.14, 64, '2024-12-03 13:25:40', '2024-12-03 13:25:40'),
(304, 91.64, 53.49, 64, '2024-12-03 13:25:40', '2024-12-03 13:25:40'),
(305, 64.77, 58.41, 64, '2024-12-03 13:25:40', '2024-12-03 13:25:40'),
(306, 69.55, 87.12, 64, '2024-12-03 13:25:40', '2024-12-03 13:25:40'),
(307, 72.68, 16.91, 64, '2024-12-03 13:25:40', '2024-12-03 13:25:40'),
(308, 44.62, 66.47, 64, '2024-12-03 13:25:40', '2024-12-03 13:25:40'),
(309, 69.25, 25.36, 65, '2024-12-03 15:37:44', '2024-12-03 15:37:44'),
(310, 83.13, 31.66, 65, '2024-12-03 15:37:44', '2024-12-03 15:37:44'),
(311, 39.55, 55.26, 65, '2024-12-03 15:37:44', '2024-12-03 15:37:44'),
(312, 17.16, 49.95, 65, '2024-12-03 15:37:44', '2024-12-03 15:37:44'),
(313, 48.95, 41.88, 65, '2024-12-03 15:37:44', '2024-12-03 15:37:44'),
(314, 39.4, 25.56, 65, '2024-12-03 15:37:44', '2024-12-03 15:37:44'),
(315, 87.61, 54.87, 65, '2024-12-03 15:37:44', '2024-12-03 15:37:44'),
(316, 14.17, 83.58, 65, '2024-12-03 15:37:44', '2024-12-03 15:37:44'),
(317, 68.35, 37.16, 65, '2024-12-03 15:37:44', '2024-12-03 15:37:44'),
(318, 49.55, 21.82, 66, '2024-12-03 15:43:11', '2024-12-03 15:43:11'),
(319, 14.47, 67.65, 66, '2024-12-03 15:43:11', '2024-12-03 15:43:11'),
(320, 65.52, 68.44, 66, '2024-12-03 15:43:11', '2024-12-03 15:43:11'),
(321, 41.04, 61.95, 66, '2024-12-03 15:43:11', '2024-12-03 15:43:11'),
(322, 80.29, 54.87, 66, '2024-12-03 15:43:11', '2024-12-03 15:43:11'),
(323, 27.76, 34.8, 66, '2024-12-03 15:43:11', '2024-12-03 15:43:11'),
(324, 14.02, 25.95, 66, '2024-12-03 15:43:11', '2024-12-03 15:43:11'),
(325, 95.67, 46.02, 66, '2024-12-03 15:43:11', '2024-12-03 15:43:11'),
(326, 4.77, 18.28, 67, '2024-12-03 15:46:20', '2024-12-03 15:46:20'),
(327, 93.43, 39.13, 67, '2024-12-03 15:46:20', '2024-12-03 15:46:20'),
(328, 69.4, 86.93, 67, '2024-12-03 15:46:20', '2024-12-03 15:46:20'),
(329, 50.14, 59, 67, '2024-12-03 15:46:20', '2024-12-03 15:46:20'),
(330, 12.53, 61.95, 67, '2024-12-03 15:46:20', '2024-12-03 15:46:20'),
(331, 73.73, 44.05, 67, '2024-12-03 15:46:20', '2024-12-03 15:46:20'),
(332, 13.28, 6.49, 68, '2024-12-06 20:59:21', '2024-12-06 20:59:21'),
(333, 20.59, 27.76, 68, '2024-12-06 20:59:21', '2024-12-06 20:59:21'),
(334, 67.76, 62.63, 68, '2024-12-06 20:59:21', '2024-12-06 20:59:21'),
(335, 24.47, 57.51, 68, '2024-12-06 20:59:21', '2024-12-06 20:59:21'),
(336, 88.95, 29.34, 68, '2024-12-06 20:59:21', '2024-12-06 20:59:21'),
(337, 38.05, 7.48, 68, '2024-12-06 20:59:21', '2024-12-06 20:59:21'),
(338, 13.88, 67.55, 68, '2024-12-06 20:59:21', '2024-12-06 20:59:21'),
(339, 29.25, 16.73, 69, '2024-12-06 21:01:11', '2024-12-06 21:01:11'),
(340, 32.83, 74.25, 69, '2024-12-06 21:01:11', '2024-12-06 21:01:11'),
(341, 65.82, 78.78, 69, '2024-12-06 21:01:11', '2024-12-06 21:01:11'),
(342, 68.2, 26.39, 69, '2024-12-06 21:01:11', '2024-12-06 21:01:11'),
(343, 32.83, 58.1, 69, '2024-12-06 21:01:11', '2024-12-06 21:01:11'),
(344, 21.64, 7.11, 70, '2024-12-09 19:21:28', '2024-12-09 19:21:28'),
(345, 10.89, 36.59, 70, '2024-12-09 19:21:28', '2024-12-09 19:21:28'),
(346, 92.08, 17.2, 70, '2024-12-09 19:21:28', '2024-12-09 19:21:28'),
(347, 81.04, 62.51, 70, '2024-12-09 19:21:28', '2024-12-09 19:21:28'),
(348, 49.55, 72.8, 70, '2024-12-09 19:21:28', '2024-12-09 19:21:28'),
(349, 51.19, 92.19, 70, '2024-12-09 19:21:28', '2024-12-09 19:21:28'),
(350, 48.05, 34.81, 70, '2024-12-09 19:21:28', '2024-12-09 19:21:28'),
(351, 80, 17.6, 71, '2024-12-09 19:24:23', '2024-12-09 19:24:23'),
(352, 81.04, 45.69, 71, '2024-12-09 19:24:23', '2024-12-09 19:24:23'),
(353, 69.25, 56.57, 71, '2024-12-09 19:24:23', '2024-12-09 19:24:23'),
(354, 12.38, 57.17, 71, '2024-12-09 19:24:23', '2024-12-09 19:24:23'),
(355, 44.02, 43.12, 71, '2024-12-09 19:24:23', '2024-12-09 19:24:23'),
(356, 63.58, 46.09, 71, '2024-12-09 19:24:23', '2024-12-09 19:24:23'),
(357, 62.53, 79.92, 71, '2024-12-09 19:24:23', '2024-12-09 19:24:23'),
(358, 67.16, 36.59, 72, '2024-12-09 19:28:05', '2024-12-09 19:28:05'),
(359, 78.95, 74.38, 72, '2024-12-09 19:28:05', '2024-12-09 19:28:05'),
(360, 95.97, 29.87, 72, '2024-12-09 19:28:05', '2024-12-09 19:28:05'),
(361, 51.94, 12.85, 72, '2024-12-09 19:28:05', '2024-12-09 19:28:05'),
(362, 3.43, 28.28, 72, '2024-12-09 19:28:05', '2024-12-09 19:28:05'),
(363, 15.82, 69.24, 72, '2024-12-09 19:28:05', '2024-12-09 19:28:05'),
(364, 46.86, 36.99, 72, '2024-12-09 19:28:05', '2024-12-09 19:28:05'),
(365, 15.22, 24.13, 73, '2024-12-09 19:31:28', '2024-12-09 19:31:28'),
(366, 57.61, 56.97, 73, '2024-12-09 19:31:28', '2024-12-09 19:31:28'),
(367, 90.44, 32.24, 73, '2024-12-09 19:31:28', '2024-12-09 19:31:28'),
(368, 37.91, 31.65, 73, '2024-12-09 19:31:28', '2024-12-09 19:31:28'),
(369, 18.65, 47.47, 73, '2024-12-09 19:31:28', '2024-12-09 19:31:28'),
(370, 51.49, 81.7, 73, '2024-12-09 19:31:28', '2024-12-09 19:31:28'),
(371, 77.16, 15.03, 74, '2024-12-10 22:43:03', '2024-12-10 22:43:03'),
(372, 20.14, 65.87, 74, '2024-12-10 22:43:03', '2024-12-10 22:43:03'),
(373, 74.62, 49.65, 74, '2024-12-10 22:43:03', '2024-12-10 22:43:03'),
(374, 87.16, 50.44, 74, '2024-12-10 22:43:03', '2024-12-10 22:43:03'),
(375, 45.22, 30.06, 74, '2024-12-10 22:43:03', '2024-12-10 22:43:03'),
(376, 29.4, 84.47, 74, '2024-12-10 22:43:03', '2024-12-10 22:43:03'),
(377, 46.11, 88.63, 74, '2024-12-10 22:43:03', '2024-12-10 22:43:03'),
(378, 46.71, 55.78, 75, '2024-12-10 22:46:17', '2024-12-10 22:46:17'),
(379, 37.31, 18.98, 75, '2024-12-10 22:46:17', '2024-12-10 22:46:17'),
(380, 20.74, 83.68, 75, '2024-12-10 22:46:17', '2024-12-10 22:46:17'),
(381, 14.02, 52.82, 75, '2024-12-10 22:46:17', '2024-12-10 22:46:17'),
(382, 94.62, 17.6, 75, '2024-12-10 22:46:17', '2024-12-10 22:46:17'),
(383, 87.61, 59.94, 75, '2024-12-10 22:46:17', '2024-12-10 22:46:17'),
(384, 4.92, 15.22, 75, '2024-12-10 22:46:17', '2024-12-10 22:46:17'),
(385, 77.76, 22.98, 76, '2024-12-10 22:55:24', '2024-12-10 22:55:24'),
(386, 39.1, 58.74, 76, '2024-12-10 22:55:24', '2024-12-10 22:55:24'),
(387, 50.44, 91.81, 76, '2024-12-10 22:55:24', '2024-12-10 22:55:24'),
(388, 62.83, 72.08, 76, '2024-12-10 22:55:24', '2024-12-10 22:55:24'),
(389, 86.41, 83.72, 76, '2024-12-10 22:55:24', '2024-12-10 22:55:24'),
(390, 13.28, 84.57, 76, '2024-12-10 22:55:24', '2024-12-10 22:55:24'),
(391, 70.29, 50.09, 76, '2024-12-10 22:55:24', '2024-12-10 22:55:24'),
(392, 24.77, 96.07, 76, '2024-12-10 22:55:24', '2024-12-10 22:55:24'),
(393, 49.55, 27.38, 76, '2024-12-10 22:55:24', '2024-12-10 22:55:24'),
(394, 5.07, 16.03, 76, '2024-12-10 22:55:24', '2024-12-10 22:55:24'),
(395, 53.73, 6.25, 77, '2024-12-10 22:59:12', '2024-12-10 22:59:12'),
(396, 51.49, 60.36, 77, '2024-12-10 22:59:12', '2024-12-10 22:59:12'),
(397, 49.4, 48.12, 77, '2024-12-10 22:59:12', '2024-12-10 22:59:12'),
(398, 38.5, 78.59, 77, '2024-12-10 22:59:12', '2024-12-10 22:59:12'),
(399, 24.62, 70.52, 77, '2024-12-10 22:59:12', '2024-12-10 22:59:12'),
(400, 28.05, 88.18, 77, '2024-12-10 22:59:12', '2024-12-10 22:59:12'),
(401, 75.22, 96.95, 77, '2024-12-10 22:59:12', '2024-12-10 22:59:12'),
(402, 73.13, 89.85, 77, '2024-12-10 22:59:12', '2024-12-10 22:59:12'),
(403, 77.31, 83.45, 77, '2024-12-10 22:59:12', '2024-12-10 22:59:12'),
(404, 75.37, 32.12, 77, '2024-12-10 22:59:12', '2024-12-10 22:59:12'),
(405, 30.44, 15.1, 78, '2024-12-10 23:02:44', '2024-12-10 23:02:44'),
(406, 55.52, 51.27, 78, '2024-12-10 23:02:44', '2024-12-10 23:02:44'),
(407, 20.44, 37.23, 78, '2024-12-10 23:02:44', '2024-12-10 23:02:44'),
(408, 27.61, 75.69, 78, '2024-12-10 23:02:44', '2024-12-10 23:02:44'),
(409, 45.37, 41.66, 78, '2024-12-10 23:02:44', '2024-12-10 23:02:44'),
(410, 89.25, 30.97, 78, '2024-12-10 23:02:44', '2024-12-10 23:02:44'),
(411, 87.61, 71.26, 78, '2024-12-10 23:02:44', '2024-12-10 23:02:44'),
(412, 72.98, 53.41, 78, '2024-12-10 23:02:44', '2024-12-10 23:02:44'),
(413, 96.26, 35.09, 78, '2024-12-10 23:02:44', '2024-12-10 23:02:44'),
(414, 52.23, 19.51, 79, '2024-12-21 18:30:38', '2024-12-21 18:30:38'),
(415, 84.32, 26.6, 79, '2024-12-21 18:30:38', '2024-12-21 18:30:38'),
(416, 83.13, 70.56, 79, '2024-12-21 18:30:38', '2024-12-21 18:30:38'),
(417, 30.89, 82.79, 79, '2024-12-21 18:30:38', '2024-12-21 18:30:38'),
(418, 6.56, 79.63, 79, '2024-12-21 18:30:38', '2024-12-21 18:30:38'),
(419, 19.55, 36.07, 79, '2024-12-21 18:30:38', '2024-12-21 18:30:38'),
(420, 51.79, 78.06, 79, '2024-12-21 18:30:38', '2024-12-21 18:30:38'),
(421, 85.07, 54.79, 79, '2024-12-21 18:30:38', '2024-12-21 18:30:38'),
(422, 1.94, 52.76, 80, '2024-12-26 14:07:07', '2024-12-26 14:07:07'),
(423, 41.34, 84.82, 80, '2024-12-26 14:07:07', '2024-12-26 14:07:07'),
(424, 58.5, 24.09, 80, '2024-12-26 14:07:07', '2024-12-26 14:07:07'),
(425, 45.07, 39.62, 80, '2024-12-26 14:07:07', '2024-12-26 14:07:07'),
(426, 15.22, 22.49, 80, '2024-12-26 14:07:07', '2024-12-26 14:07:07'),
(427, 40.74, 68.49, 80, '2024-12-26 14:07:07', '2024-12-26 14:07:07'),
(428, 72.83, 65.11, 80, '2024-12-26 14:07:07', '2024-12-26 14:07:07'),
(429, 92.08, 13.13, 80, '2024-12-26 14:07:07', '2024-12-26 14:07:07'),
(430, 55.97, 8.15, 81, '2024-12-26 19:26:54', '2024-12-26 19:26:54'),
(431, 49.4, 38.42, 81, '2024-12-26 19:26:54', '2024-12-26 19:26:54'),
(432, 15.22, 84.62, 81, '2024-12-26 19:26:54', '2024-12-26 19:26:54'),
(433, 90, 39.02, 81, '2024-12-26 19:26:54', '2024-12-26 19:26:54'),
(434, 66.71, 80.04, 81, '2024-12-26 19:26:54', '2024-12-26 19:26:54'),
(435, 37.61, 25.48, 82, '2024-12-26 19:29:11', '2024-12-26 19:29:11'),
(436, 30.89, 59.73, 82, '2024-12-26 19:29:11', '2024-12-26 19:29:11'),
(437, 10.44, 52.76, 82, '2024-12-26 19:29:11', '2024-12-26 19:29:11'),
(438, 84.02, 27.87, 82, '2024-12-26 19:29:11', '2024-12-26 19:29:11'),
(439, 66.11, 50.17, 82, '2024-12-26 19:29:11', '2024-12-26 19:29:11'),
(440, 19.4, 23.69, 82, '2024-12-26 19:29:11', '2024-12-26 19:29:11'),
(441, 33.28, 79.45, 83, '2025-01-02 11:34:00', '2025-01-02 11:34:00'),
(442, 75.37, 27.2, 83, '2025-01-02 11:34:00', '2025-01-02 11:34:00'),
(443, 6.56, 49.28, 83, '2025-01-02 11:34:00', '2025-01-02 11:34:00'),
(444, 52.38, 50.66, 83, '2025-01-02 11:34:00', '2025-01-02 11:34:00'),
(445, 25.37, 26.21, 83, '2025-01-02 11:34:00', '2025-01-02 11:34:00'),
(446, 80.89, 71.76, 83, '2025-01-02 11:34:00', '2025-01-02 11:34:00'),
(447, 71.34, 57.17, 84, '2025-01-02 11:35:51', '2025-01-02 11:35:51'),
(448, 80.14, 41.2, 84, '2025-01-02 11:35:51', '2025-01-02 11:35:51'),
(449, 49.7, 26.8, 84, '2025-01-02 11:35:51', '2025-01-02 11:35:51'),
(450, 15.52, 17.14, 84, '2025-01-02 11:35:51', '2025-01-02 11:35:51'),
(451, 70.89, 9.65, 84, '2025-01-02 11:35:51', '2025-01-02 11:35:51'),
(452, 72.08, 11.62, 85, '2025-01-02 11:39:01', '2025-01-02 11:39:01'),
(453, 45.22, 59.73, 85, '2025-01-02 11:39:01', '2025-01-02 11:39:01'),
(454, 67.31, 73.93, 85, '2025-01-02 11:39:01', '2025-01-02 11:39:01'),
(455, 85.22, 41.99, 85, '2025-01-02 11:39:01', '2025-01-02 11:39:01'),
(456, 19.25, 14.19, 85, '2025-01-02 11:39:01', '2025-01-02 11:39:01'),
(457, 61.04, 43.36, 86, '2025-01-05 15:26:22', '2025-01-05 15:26:22'),
(458, 78.5, 27.2, 86, '2025-01-05 15:26:22', '2025-01-05 15:26:22'),
(459, 41.94, 27.59, 86, '2025-01-05 15:26:22', '2025-01-05 15:26:22'),
(460, 8.65, 17.34, 86, '2025-01-05 15:26:22', '2025-01-05 15:26:22'),
(461, 51.04, 11.23, 86, '2025-01-05 15:26:22', '2025-01-05 15:26:22'),
(462, 39.1, 84.17, 86, '2025-01-05 15:26:22', '2025-01-05 15:26:22'),
(463, 92.83, 51.84, 86, '2025-01-05 15:26:22', '2025-01-05 15:26:22'),
(464, 41.49, 51.45, 86, '2025-01-05 15:26:22', '2025-01-05 15:26:22'),
(465, 94.77, 84.36, 87, '2025-01-06 21:46:33', '2025-01-06 21:46:33'),
(466, 32.08, 58.98, 87, '2025-01-06 21:46:33', '2025-01-06 21:46:33'),
(467, 20.14, 39.64, 87, '2025-01-06 21:46:33', '2025-01-06 21:46:33'),
(468, 54.62, 35.77, 87, '2025-01-06 21:46:33', '2025-01-06 21:46:33'),
(469, 92.23, 39.64, 87, '2025-01-06 21:46:33', '2025-01-06 21:46:33'),
(470, 23.43, 12.08, 87, '2025-01-06 21:46:33', '2025-01-06 21:46:33'),
(471, 11.19, 91.37, 87, '2025-01-06 21:46:33', '2025-01-06 21:46:33'),
(472, 74.47, 79.04, 87, '2025-01-06 21:46:33', '2025-01-06 21:46:33'),
(473, 73.58, 28.27, 87, '2025-01-06 21:46:33', '2025-01-06 21:46:33'),
(474, 51.34, 73.97, 87, '2025-01-06 21:46:33', '2025-01-06 21:46:33');

-- --------------------------------------------------------

--
-- Table structure for table `roles`
--

CREATE TABLE `roles` (
  `id` bigint(20) UNSIGNED NOT NULL,
  `name` varchar(255) NOT NULL,
  `guard_name` varchar(255) NOT NULL,
  `created_at` timestamp NULL DEFAULT NULL,
  `updated_at` timestamp NULL DEFAULT NULL
) ENGINE=InnoDB DEFAULT CHARSET=utf8mb4 COLLATE=utf8mb4_unicode_ci;

--
-- Dumping data for table `roles`
--

INSERT INTO `roles` (`id`, `name`, `guard_name`, `created_at`, `updated_at`) VALUES
(1, 'admin', 'web', '2024-11-14 13:34:07', '2024-11-14 13:34:07'),
(2, 'player', 'web', '2024-11-14 13:34:07', '2024-11-14 13:34:07');

-- --------------------------------------------------------

--
-- Table structure for table `role_has_permissions`
--

CREATE TABLE `role_has_permissions` (
  `permission_id` bigint(20) UNSIGNED NOT NULL,
  `role_id` bigint(20) UNSIGNED NOT NULL
) ENGINE=InnoDB DEFAULT CHARSET=utf8mb4 COLLATE=utf8mb4_unicode_ci;

-- --------------------------------------------------------

--
-- Table structure for table `user_levels`
--

CREATE TABLE `user_levels` (
  `id` bigint(20) UNSIGNED NOT NULL,
  `user_id` bigint(20) UNSIGNED NOT NULL,
  `level_id` bigint(20) UNSIGNED NOT NULL,
  `status` int(11) NOT NULL,
  `created_at` timestamp NULL DEFAULT NULL,
  `updated_at` timestamp NULL DEFAULT NULL
) ENGINE=InnoDB DEFAULT CHARSET=utf8mb4 COLLATE=utf8mb4_unicode_ci;

--
-- Dumping data for table `user_levels`
--

INSERT INTO `user_levels` (`id`, `user_id`, `level_id`, `status`, `created_at`, `updated_at`) VALUES
(81, 19, 1, 1, '2024-11-24 19:34:51', '2024-11-24 19:34:51'),
(82, 18, 1, 2, '2024-11-24 19:56:16', '2024-11-24 20:00:54'),
(84, 18, 9, 1, '2024-11-24 19:56:57', '2024-11-24 19:56:57'),
(86, 18, 2, 1, '2024-11-24 20:00:54', '2024-11-24 20:00:54'),
(89, 21, 1, 2, '2024-11-25 14:29:03', '2024-11-25 14:29:36'),
(90, 21, 2, 2, '2024-11-25 14:29:36', '2024-11-30 14:59:07'),
(93, 23, 1, 1, '2024-11-25 20:08:44', '2024-11-25 20:08:44'),
(97, 24, 1, 1, '2024-11-25 22:56:38', '2024-11-25 22:56:38'),
(98, 25, 1, 1, '2024-11-25 22:56:59', '2024-11-25 22:56:59'),
(99, 27, 1, 1, '2024-11-25 22:57:48', '2024-11-25 22:57:48'),
(100, 28, 1, 1, '2024-11-25 22:57:56', '2024-11-25 22:57:56'),
(101, 30, 1, 1, '2024-11-25 23:05:24', '2024-11-25 23:05:24'),
(102, 31, 1, 1, '2024-11-25 23:41:55', '2024-11-25 23:41:55'),
(103, 32, 1, 1, '2024-11-26 01:06:34', '2024-11-26 01:06:34'),
(104, 33, 1, 2, '2024-11-26 07:28:40', '2024-11-26 07:29:59'),
(105, 33, 2, 1, '2024-11-26 07:29:59', '2024-11-26 07:29:59'),
(106, 33, 1, 1, '2024-11-26 07:30:50', '2024-11-26 07:30:50'),
(110, 34, 1, 1, '2024-11-26 10:34:56', '2024-11-26 10:34:56'),
(111, 36, 1, 2, '2024-11-27 07:13:51', '2024-11-27 07:16:37'),
(112, 36, 2, 1, '2024-11-27 07:16:37', '2024-11-27 07:16:37'),
(120, 38, 1, 2, '2024-11-28 08:46:09', '2024-11-28 08:47:14'),
(121, 38, 2, 2, '2024-11-28 08:47:14', '2024-11-28 09:57:27'),
(122, 39, 1, 2, '2024-11-28 09:19:56', '2024-11-28 11:12:49'),
(123, 38, 3, 2, '2024-11-28 09:57:27', '2024-11-28 09:57:38'),
(124, 38, 4, 2, '2024-11-28 09:57:38', '2024-12-01 11:43:37'),
(125, 39, 2, 2, '2024-11-28 11:12:49', '2024-11-28 15:00:44'),
(126, 37, 1, 2, '2024-11-28 14:07:10', '2024-11-28 14:07:53'),
(127, 37, 2, 2, '2024-11-28 14:07:53', '2024-11-29 15:51:52'),
(129, 39, 3, 2, '2024-11-28 15:00:44', '2024-11-28 15:01:51'),
(130, 39, 4, 2, '2024-11-28 15:01:51', '2024-11-28 15:04:39'),
(131, 39, 7, 2, '2024-11-28 15:04:39', '2024-11-28 15:06:33'),
(132, 39, 8, 1, '2024-11-28 15:06:33', '2024-11-28 15:06:33'),
(133, 40, 1, 2, '2024-11-28 15:24:41', '2024-11-28 15:26:44'),
(134, 40, 2, 2, '2024-11-28 15:26:44', '2024-11-28 15:29:36'),
(135, 40, 3, 2, '2024-11-28 15:29:36', '2024-11-28 15:30:57'),
(136, 40, 4, 2, '2024-11-28 15:30:57', '2024-11-28 15:40:30'),
(137, 40, 7, 2, '2024-11-28 15:40:30', '2024-11-28 15:50:32'),
(138, 40, 4, 1, '2024-11-28 15:40:48', '2024-11-28 15:40:48'),
(139, 40, 8, 2, '2024-11-28 15:50:32', '2024-11-28 15:58:50'),
(140, 40, 9, 2, '2024-11-28 15:59:05', '2024-11-28 15:59:16'),
(141, 40, 12, 2, '2024-11-28 15:59:16', '2024-11-28 16:02:19'),
(144, 40, 13, 1, '2024-11-28 16:02:19', '2024-11-28 16:02:19'),
(145, 41, 1, 1, '2024-11-28 18:17:05', '2024-11-28 18:17:05'),
(146, 42, 1, 2, '2024-11-29 02:12:50', '2024-11-29 02:14:25'),
(147, 42, 2, 2, '2024-11-29 02:14:25', '2024-11-29 02:17:51'),
(150, 42, 3, 1, '2024-11-29 02:17:51', '2024-11-29 02:17:51'),
(151, 43, 1, 2, '2024-11-29 04:49:25', '2024-11-29 04:51:57'),
(152, 41, 9, 1, '2024-11-29 04:50:48', '2024-11-29 04:50:48'),
(153, 43, 2, 2, '2024-11-29 04:51:57', '2024-11-29 05:02:28'),
(154, 43, 3, 2, '2024-11-29 05:02:28', '2024-11-29 05:25:31'),
(157, 43, 4, 2, '2024-11-29 05:25:31', '2024-11-29 05:27:36'),
(158, 43, 7, 2, '2024-11-29 05:27:36', '2024-11-29 05:31:12'),
(159, 43, 8, 1, '2024-11-29 05:31:12', '2024-11-29 05:31:12'),
(161, 45, 1, 2, '2024-11-29 09:44:02', '2024-11-29 09:44:38'),
(162, 45, 2, 1, '2024-11-29 09:44:38', '2024-11-29 09:44:38'),
(163, 20, 41, 2, '2024-11-29 11:19:28', '2024-11-29 11:20:37'),
(164, 20, 41, 1, '2024-11-29 11:20:44', '2024-11-29 11:20:44'),
(166, 47, 1, 2, '2024-11-29 13:32:31', '2024-11-29 13:34:16'),
(167, 47, 2, 1, '2024-11-29 13:34:16', '2024-11-29 13:34:16'),
(168, 48, 1, 1, '2024-11-29 14:55:32', '2024-11-29 14:55:32'),
(169, 37, 3, 2, '2024-11-29 15:51:52', '2024-11-29 15:52:11'),
(170, 37, 4, 2, '2024-11-29 15:52:11', '2024-12-02 12:29:01'),
(171, 50, 1, 2, '2024-11-29 19:56:36', '2024-11-29 19:57:44'),
(172, 50, 2, 1, '2024-11-29 19:57:44', '2024-11-29 19:57:44'),
(173, 21, 3, 1, '2024-11-30 14:59:07', '2024-11-30 14:59:07'),
(174, 51, 1, 2, '2024-11-30 17:13:41', '2024-11-30 17:18:04'),
(175, 51, 2, 1, '2024-11-30 17:18:04', '2024-11-30 17:18:04'),
(176, 52, 1, 2, '2024-11-30 19:53:25', '2024-11-30 19:54:58'),
(177, 52, 2, 1, '2024-11-30 19:54:58', '2024-11-30 19:54:58'),
(178, 53, 1, 1, '2024-12-01 03:47:23', '2024-12-01 03:47:23'),
(180, 38, 7, 2, '2024-12-01 11:43:37', '2024-12-01 11:44:51'),
(181, 38, 8, 2, '2024-12-01 11:44:51', '2024-12-01 11:45:12'),
(182, 38, 38, 2, '2024-12-01 11:45:12', '2024-12-01 11:45:28'),
(183, 38, 39, 2, '2024-12-01 11:45:28', '2024-12-01 11:45:43'),
(184, 38, 40, 2, '2024-12-01 11:45:43', '2024-12-01 11:46:18'),
(185, 38, 42, 2, '2024-12-01 11:46:18', '2024-12-01 11:46:52'),
(186, 38, 43, 2, '2024-12-01 11:46:52', '2024-12-01 11:47:29'),
(187, 38, 44, 2, '2024-12-01 11:47:29', '2024-12-01 11:48:02'),
(188, 38, 45, 2, '2024-12-01 11:48:02', '2024-12-01 11:48:52'),
(189, 38, 46, 2, '2024-12-01 11:48:52', '2024-12-01 11:49:48'),
(190, 38, 47, 2, '2024-12-01 11:49:48', '2024-12-04 22:30:07'),
(191, 55, 1, 2, '2024-12-01 13:54:06', '2024-12-01 13:56:16'),
(192, 55, 2, 1, '2024-12-01 13:56:16', '2024-12-01 13:56:16'),
(193, 56, 1, 1, '2024-12-01 16:47:07', '2024-12-01 16:47:07'),
(195, 38, 41, 2, '2024-12-01 18:04:31', '2024-12-04 22:28:50'),
(196, 38, 38, 1, '2024-12-01 18:06:23', '2024-12-01 18:06:23'),
(198, 57, 1, 2, '2024-12-01 19:57:58', '2024-12-01 20:18:08'),
(199, 57, 2, 2, '2024-12-01 20:18:08', '2024-12-01 20:21:59'),
(200, 57, 3, 2, '2024-12-01 20:21:59', '2024-12-02 20:20:26'),
(201, 58, 1, 1, '2024-12-01 21:40:20', '2024-12-01 21:40:20'),
(202, 37, 7, 2, '2024-12-02 12:29:01', '2024-12-02 12:29:40'),
(203, 37, 8, 2, '2024-12-02 12:29:40', '2024-12-03 11:28:25'),
(204, 37, 38, 2, '2024-12-02 12:30:52', '2024-12-03 11:27:54'),
(205, 57, 4, 1, '2024-12-02 20:20:26', '2024-12-02 20:20:26'),
(206, 60, 1, 1, '2024-12-03 08:31:37', '2024-12-03 08:31:37'),
(207, 37, 39, 2, '2024-12-03 11:27:54', '2024-12-03 11:28:35'),
(209, 37, 40, 2, '2024-12-03 11:28:35', '2024-12-03 11:29:46'),
(210, 37, 42, 2, '2024-12-03 11:29:46', '2024-12-03 11:30:22'),
(211, 37, 43, 2, '2024-12-03 11:30:22', '2024-12-04 20:22:03'),
(212, 61, 1, 1, '2024-12-03 15:56:50', '2024-12-03 15:56:50'),
(213, 62, 1, 1, '2024-12-04 00:22:22', '2024-12-04 00:22:22'),
(214, 63, 1, 2, '2024-12-04 00:57:49', '2024-12-04 00:59:59'),
(215, 63, 2, 1, '2024-12-04 00:59:59', '2024-12-04 00:59:59'),
(216, 64, 1, 1, '2024-12-04 01:39:42', '2024-12-04 01:39:42'),
(217, 65, 1, 2, '2024-12-04 12:49:12', '2024-12-04 12:52:22'),
(218, 65, 2, 1, '2024-12-04 12:52:22', '2024-12-04 12:52:22'),
(219, 65, 1, 1, '2024-12-04 12:52:29', '2024-12-04 12:52:29'),
(220, 37, 44, 2, '2024-12-04 20:22:03', '2024-12-04 20:22:34'),
(221, 37, 45, 2, '2024-12-04 20:22:34', '2024-12-04 20:22:58'),
(222, 37, 46, 2, '2024-12-04 20:22:58', '2024-12-04 20:23:39'),
(223, 37, 47, 2, '2024-12-04 20:23:39', '2024-12-04 20:24:00'),
(224, 37, 48, 2, '2024-12-04 20:24:00', '2024-12-04 20:24:29'),
(225, 37, 49, 2, '2024-12-04 20:24:29', '2024-12-04 20:25:21'),
(226, 37, 50, 2, '2024-12-04 20:25:21', '2024-12-06 12:12:33'),
(227, 38, 48, 2, '2024-12-04 22:30:07', '2024-12-04 22:30:56'),
(228, 38, 49, 2, '2024-12-04 22:30:56', '2024-12-04 22:31:21'),
(229, 38, 50, 2, '2024-12-04 22:31:21', '2024-12-04 22:31:46'),
(230, 38, 51, 2, '2024-12-04 22:31:46', '2024-12-04 22:32:17'),
(231, 38, 52, 2, '2024-12-04 22:32:17', '2024-12-04 22:32:48'),
(232, 38, 53, 2, '2024-12-04 22:32:48', '2024-12-04 22:33:29'),
(233, 38, 54, 2, '2024-12-04 22:33:29', '2025-01-03 11:08:48'),
(234, 38, 9, 2, '2024-12-04 22:33:36', '2024-12-04 22:33:59'),
(235, 38, 12, 2, '2024-12-04 22:33:59', '2024-12-04 22:35:31'),
(236, 38, 13, 2, '2024-12-04 22:35:31', '2024-12-04 22:36:32'),
(237, 38, 14, 2, '2024-12-04 22:36:32', '2024-12-04 22:36:46'),
(238, 38, 15, 2, '2024-12-04 22:36:46', '2024-12-04 22:37:47'),
(239, 38, 16, 2, '2024-12-04 22:37:47', '2024-12-04 22:38:46'),
(242, 66, 1, 2, '2024-12-05 07:00:02', '2024-12-05 07:02:53'),
(243, 66, 2, 1, '2024-12-05 07:02:53', '2024-12-05 07:02:53'),
(245, 18, 41, 1, '2024-12-06 10:54:43', '2024-12-06 10:54:43'),
(246, 37, 51, 2, '2024-12-06 12:12:33', '2024-12-06 12:13:19'),
(247, 37, 52, 2, '2024-12-06 12:13:19', '2024-12-08 14:26:17'),
(248, 38, 53, 1, '2024-12-06 17:32:21', '2024-12-06 17:32:21'),
(249, 18, 38, 2, '2024-12-06 17:50:05', '2024-12-06 17:50:15'),
(250, 18, 39, 2, '2024-12-06 17:50:15', '2024-12-06 17:50:27'),
(251, 18, 40, 2, '2024-12-06 17:50:27', '2024-12-06 17:50:41'),
(252, 18, 42, 2, '2024-12-06 17:50:41', '2024-12-06 17:51:52'),
(253, 18, 43, 2, '2024-12-06 17:51:52', '2024-12-06 17:53:21'),
(254, 18, 44, 1, '2024-12-06 17:53:21', '2024-12-06 17:53:21'),
(255, 67, 38, 2, '2024-12-06 17:53:53', '2024-12-06 17:55:10'),
(256, 67, 39, 2, '2024-12-06 17:55:10', '2024-12-06 17:55:57'),
(257, 67, 40, 2, '2024-12-06 17:55:57', '2024-12-06 17:56:06'),
(258, 67, 42, 1, '2024-12-06 17:56:06', '2024-12-06 17:56:06'),
(259, 18, 38, 1, '2024-12-06 21:10:35', '2024-12-06 21:10:35'),
(260, 18, 39, 1, '2024-12-06 21:11:01', '2024-12-06 21:11:01'),
(261, 18, 40, 1, '2024-12-06 21:13:15', '2024-12-06 21:13:15'),
(262, 18, 43, 1, '2024-12-06 21:20:11', '2024-12-06 21:20:11'),
(263, 68, 38, 1, '2024-12-06 21:55:20', '2024-12-06 21:55:20'),
(264, 18, 42, 1, '2024-12-06 22:13:51', '2024-12-06 22:13:51'),
(265, 38, 41, 1, '2024-12-06 23:24:17', '2024-12-06 23:24:17'),
(266, 70, 41, 1, '2024-12-06 23:35:59', '2024-12-06 23:35:59'),
(267, 70, 38, 2, '2024-12-06 23:36:06', '2024-12-06 23:38:12'),
(268, 70, 39, 2, '2024-12-06 23:38:12', '2024-12-06 23:38:23'),
(269, 70, 40, 1, '2024-12-06 23:38:23', '2024-12-06 23:38:23'),
(270, 21, 38, 1, '2024-12-07 00:03:41', '2024-12-07 00:03:41'),
(271, 71, 38, 1, '2024-12-07 00:39:58', '2024-12-07 00:39:58'),
(272, 71, 41, 1, '2024-12-07 00:40:28', '2024-12-07 00:40:28'),
(273, 72, 38, 1, '2024-12-07 02:37:34', '2024-12-07 02:37:34'),
(274, 72, 41, 1, '2024-12-07 02:37:37', '2024-12-07 02:37:37'),
(275, 73, 38, 2, '2024-12-07 12:00:49', '2024-12-07 12:01:06'),
(276, 73, 39, 1, '2024-12-07 12:01:06', '2024-12-07 12:01:06'),
(277, 74, 41, 1, '2024-12-07 13:43:57', '2024-12-07 13:43:57'),
(278, 75, 38, 2, '2024-12-07 14:52:08', '2024-12-07 14:52:19'),
(279, 75, 39, 1, '2024-12-07 14:52:19', '2024-12-07 14:52:19'),
(280, 77, 38, 2, '2024-12-07 21:02:23', '2024-12-07 21:02:37'),
(281, 77, 39, 2, '2024-12-07 21:02:37', '2024-12-07 21:02:55'),
(282, 77, 40, 2, '2024-12-07 21:02:55', '2024-12-07 21:05:33'),
(283, 77, 42, 2, '2024-12-07 21:05:33', '2024-12-07 21:06:04'),
(284, 77, 44, 2, '2024-12-07 21:06:04', '2024-12-07 21:06:24'),
(285, 77, 45, 2, '2024-12-07 21:06:24', '2024-12-07 21:06:42'),
(286, 77, 46, 2, '2024-12-07 21:06:42', '2024-12-07 21:07:43'),
(287, 77, 41, 2, '2024-12-07 21:06:47', '2024-12-07 21:07:14'),
(288, 77, 43, 1, '2024-12-07 21:07:14', '2024-12-07 21:07:14'),
(289, 77, 41, 1, '2024-12-07 21:07:20', '2024-12-07 21:07:20'),
(290, 77, 47, 2, '2024-12-07 21:07:43', '2024-12-07 21:08:01'),
(291, 77, 48, 2, '2024-12-07 21:08:01', '2024-12-07 21:08:32'),
(292, 77, 49, 2, '2024-12-07 21:08:32', '2024-12-07 21:08:49'),
(293, 77, 50, 1, '2024-12-07 21:08:49', '2024-12-07 21:08:49'),
(294, 79, 38, 1, '2024-12-07 23:09:37', '2024-12-07 23:09:37'),
(295, 80, 38, 2, '2024-12-08 02:12:39', '2024-12-08 02:13:00'),
(296, 80, 39, 2, '2024-12-08 02:13:00', '2024-12-08 02:13:32'),
(297, 80, 40, 2, '2024-12-08 02:13:32', '2024-12-08 15:29:45'),
(298, 81, 41, 1, '2024-12-08 11:38:18', '2024-12-08 11:38:18'),
(299, 82, 38, 1, '2024-12-08 12:52:01', '2024-12-08 12:52:01'),
(300, 83, 41, 1, '2024-12-08 13:17:16', '2024-12-08 13:17:16'),
(301, 37, 53, 2, '2024-12-08 14:26:17', '2024-12-08 14:26:38'),
(302, 37, 54, 2, '2024-12-08 14:26:38', '2024-12-08 14:29:05'),
(303, 37, 55, 2, '2024-12-08 14:29:05', '2024-12-08 14:29:26'),
(304, 37, 56, 2, '2024-12-08 14:29:26', '2024-12-09 12:23:43'),
(305, 80, 42, 2, '2024-12-08 15:29:45', '2024-12-08 15:36:50'),
(306, 80, 44, 2, '2024-12-08 15:36:50', '2024-12-08 15:37:22'),
(307, 80, 45, 2, '2024-12-08 15:37:22', '2024-12-08 15:38:23'),
(308, 80, 46, 1, '2024-12-08 15:38:23', '2024-12-08 15:38:23'),
(309, 63, 41, 2, '2024-12-08 15:57:02', '2024-12-08 15:58:40'),
(310, 63, 43, 2, '2024-12-08 15:58:40', '2024-12-08 16:29:58'),
(311, 63, 38, 2, '2024-12-08 15:58:48', '2024-12-08 15:59:12'),
(312, 63, 39, 2, '2024-12-08 15:59:12', '2024-12-08 15:59:27'),
(313, 63, 40, 2, '2024-12-08 15:59:27', '2024-12-08 16:05:14'),
(314, 63, 42, 2, '2024-12-08 16:05:14', '2024-12-08 16:06:23'),
(315, 63, 44, 2, '2024-12-08 16:06:23', '2024-12-08 16:07:03'),
(316, 63, 45, 2, '2024-12-08 16:07:03', '2024-12-08 16:07:27'),
(317, 63, 46, 2, '2024-12-08 16:07:27', '2024-12-08 16:09:57'),
(318, 63, 47, 2, '2024-12-08 16:09:57', '2024-12-08 16:10:35'),
(319, 63, 48, 2, '2024-12-08 16:10:35', '2024-12-08 16:11:10'),
(320, 63, 49, 2, '2024-12-08 16:11:10', '2024-12-08 16:11:40'),
(321, 63, 50, 2, '2024-12-08 16:11:40', '2024-12-08 16:12:10'),
(322, 63, 51, 2, '2024-12-08 16:12:10', '2024-12-08 16:13:14'),
(323, 63, 52, 2, '2024-12-08 16:13:14', '2024-12-08 16:14:40'),
(324, 63, 53, 2, '2024-12-08 16:14:40', '2024-12-08 16:15:08'),
(325, 63, 54, 2, '2024-12-08 16:15:08', '2024-12-08 16:16:11'),
(326, 63, 55, 2, '2024-12-08 16:16:11', '2024-12-08 16:17:39'),
(327, 63, 56, 2, '2024-12-08 16:17:39', '2024-12-08 16:18:25'),
(328, 63, 57, 2, '2024-12-08 16:18:25', '2024-12-08 16:19:16'),
(329, 63, 58, 2, '2024-12-08 16:19:16', '2024-12-08 16:20:07'),
(330, 63, 59, 2, '2024-12-08 16:20:07', '2024-12-08 16:21:09'),
(331, 63, 60, 2, '2024-12-08 16:21:09', '2024-12-08 16:22:35'),
(332, 63, 61, 2, '2024-12-08 16:22:35', '2024-12-08 16:23:16'),
(333, 63, 63, 2, '2024-12-08 16:23:16', '2024-12-08 16:24:37'),
(334, 63, 64, 2, '2024-12-08 16:24:37', '2024-12-08 16:25:25'),
(335, 63, 65, 2, '2024-12-08 16:25:25', '2024-12-08 16:26:50'),
(336, 63, 66, 2, '2024-12-08 16:26:50', '2024-12-08 16:27:28'),
(337, 63, 68, 2, '2024-12-08 16:27:28', '2024-12-08 16:28:21'),
(338, 63, 69, 2, '2024-12-08 16:28:21', '2024-12-08 16:28:45'),
(339, 63, 67, 2, '2024-12-08 16:29:58', '2024-12-08 16:31:05'),
(340, 81, 38, 2, '2024-12-08 16:54:43', '2024-12-08 16:54:57'),
(341, 81, 39, 2, '2024-12-08 16:54:57', '2024-12-08 16:55:14'),
(342, 81, 40, 2, '2024-12-08 16:55:14', '2024-12-08 17:00:11'),
(343, 81, 42, 2, '2024-12-08 17:00:11', '2024-12-08 17:00:41'),
(344, 81, 44, 2, '2024-12-08 17:00:41', '2024-12-08 17:03:18'),
(345, 81, 45, 2, '2024-12-08 17:03:18', '2024-12-08 17:04:21'),
(346, 81, 46, 2, '2024-12-08 17:04:21', '2024-12-08 17:10:17'),
(347, 81, 47, 2, '2024-12-08 17:10:17', '2024-12-08 17:11:52'),
(348, 81, 48, 2, '2024-12-08 17:11:52', '2024-12-08 17:14:58'),
(349, 81, 49, 2, '2024-12-08 17:14:58', '2024-12-08 17:17:59'),
(350, 81, 50, 1, '2024-12-08 17:17:59', '2024-12-08 17:17:59'),
(351, 85, 38, 2, '2024-12-09 02:25:10', '2024-12-09 02:26:09'),
(352, 85, 39, 2, '2024-12-09 02:26:09', '2024-12-09 02:26:41'),
(353, 85, 40, 1, '2024-12-09 02:26:41', '2024-12-09 02:26:41'),
(354, 85, 41, 2, '2024-12-09 02:26:54', '2024-12-09 02:27:58'),
(355, 85, 43, 2, '2024-12-09 02:27:58', '2024-12-09 02:29:24'),
(356, 85, 67, 1, '2024-12-09 02:29:24', '2024-12-09 02:29:24'),
(357, 85, 1, 2, '2024-12-09 02:29:43', '2024-12-09 02:32:19'),
(358, 85, 2, 1, '2024-12-09 02:32:19', '2024-12-09 02:32:19'),
(359, 86, 38, 1, '2024-12-09 08:27:38', '2024-12-09 08:27:38'),
(360, 87, 41, 1, '2024-12-09 09:09:36', '2024-12-09 09:09:36'),
(361, 87, 38, 2, '2024-12-09 09:15:35', '2024-12-09 09:22:37'),
(362, 87, 39, 1, '2024-12-09 09:22:37', '2024-12-09 09:22:37'),
(363, 87, 38, 1, '2024-12-09 09:22:41', '2024-12-09 09:22:41'),
(364, 88, 38, 2, '2024-12-09 10:58:31', '2024-12-09 10:59:02'),
(365, 88, 39, 2, '2024-12-09 10:59:02', '2024-12-09 11:00:28'),
(366, 88, 41, 1, '2024-12-09 10:59:13', '2024-12-09 10:59:13'),
(367, 88, 40, 1, '2024-12-09 11:00:28', '2024-12-09 11:00:28'),
(368, 37, 57, 2, '2024-12-09 12:23:43', '2024-12-09 12:24:25'),
(369, 37, 58, 2, '2024-12-09 12:24:25', '2024-12-09 22:46:53'),
(370, 89, 38, 1, '2024-12-09 14:32:09', '2024-12-09 14:32:09'),
(371, 89, 41, 1, '2024-12-09 14:32:36', '2024-12-09 14:32:36'),
(372, 61, 38, 2, '2024-12-09 19:04:12', '2024-12-09 19:04:34'),
(373, 61, 39, 2, '2024-12-09 19:04:34', '2024-12-09 19:04:49'),
(374, 61, 40, 1, '2024-12-09 19:04:49', '2024-12-09 19:04:49'),
(375, 62, 38, 2, '2024-12-09 21:46:58', '2024-12-09 21:47:13'),
(376, 62, 39, 2, '2024-12-09 21:47:13', '2024-12-09 21:47:28'),
(377, 62, 40, 1, '2024-12-09 21:47:28', '2024-12-09 21:47:28'),
(378, 62, 41, 1, '2024-12-09 21:51:27', '2024-12-09 21:51:27'),
(379, 37, 59, 2, '2024-12-09 22:46:53', '2024-12-15 17:14:30'),
(380, 93, 38, 2, '2024-12-10 15:36:31', '2024-12-10 15:36:46'),
(381, 93, 39, 2, '2024-12-10 15:36:46', '2024-12-10 16:13:50'),
(382, 91, 38, 2, '2024-12-10 15:38:15', '2024-12-10 15:38:35'),
(383, 91, 39, 2, '2024-12-10 15:38:35', '2024-12-10 15:38:50'),
(384, 91, 40, 2, '2024-12-10 15:38:50', '2024-12-10 15:42:20'),
(385, 91, 42, 2, '2024-12-10 15:42:20', '2024-12-10 15:43:24'),
(386, 91, 44, 2, '2024-12-10 15:43:24', '2024-12-10 15:44:47'),
(387, 91, 45, 2, '2024-12-10 15:44:47', '2024-12-10 15:46:03'),
(388, 91, 46, 2, '2024-12-10 15:46:03', '2024-12-10 15:47:34'),
(389, 91, 47, 2, '2024-12-10 15:47:34', '2024-12-10 15:48:15'),
(390, 91, 48, 2, '2024-12-10 15:48:15', '2024-12-10 15:49:22'),
(391, 91, 49, 2, '2024-12-10 15:49:22', '2024-12-10 15:50:21'),
(392, 91, 50, 2, '2024-12-10 15:50:21', '2024-12-10 15:52:13'),
(393, 91, 51, 2, '2024-12-10 15:52:13', '2024-12-11 18:53:02'),
(394, 93, 40, 1, '2024-12-10 16:13:50', '2024-12-10 16:13:50'),
(395, 95, 38, 2, '2024-12-10 19:16:18', '2024-12-10 19:16:44'),
(396, 95, 39, 2, '2024-12-10 19:16:44', '2024-12-10 19:17:35'),
(397, 95, 40, 1, '2024-12-10 19:17:35', '2024-12-10 19:17:35'),
(398, 94, 41, 2, '2024-12-10 19:44:08', '2024-12-10 19:52:50'),
(399, 94, 43, 2, '2024-12-10 19:52:50', '2024-12-10 19:59:54'),
(400, 94, 38, 2, '2024-12-10 19:53:09', '2024-12-10 19:53:56'),
(401, 94, 39, 2, '2024-12-10 19:53:56', '2024-12-10 19:54:17'),
(402, 94, 40, 1, '2024-12-10 19:54:17', '2024-12-10 19:54:17'),
(403, 94, 67, 2, '2024-12-10 19:59:54', '2024-12-10 20:01:33'),
(404, 94, 1, 2, '2024-12-10 20:01:52', '2024-12-10 20:03:28'),
(405, 94, 2, 1, '2024-12-10 20:03:28', '2024-12-10 20:03:28'),
(406, 94, 41, 1, '2024-12-10 20:04:44', '2024-12-10 20:04:44'),
(407, 96, 38, 2, '2024-12-10 20:31:52', '2024-12-10 20:33:50'),
(408, 96, 39, 2, '2024-12-10 20:33:50', '2024-12-10 20:38:58'),
(409, 96, 41, 2, '2024-12-10 20:33:56', '2024-12-10 20:35:51'),
(410, 96, 43, 2, '2024-12-10 20:35:51', '2024-12-10 20:38:34'),
(411, 96, 41, 1, '2024-12-10 20:35:57', '2024-12-10 20:35:57'),
(412, 96, 67, 2, '2024-12-10 20:38:34', '2024-12-10 20:42:10'),
(413, 96, 40, 2, '2024-12-10 20:38:58', '2024-12-10 20:40:32'),
(414, 96, 42, 2, '2024-12-10 20:40:32', '2024-12-10 20:43:00'),
(415, 96, 44, 2, '2024-12-10 20:43:00', '2024-12-10 20:43:52'),
(416, 96, 45, 2, '2024-12-10 20:43:52', '2024-12-10 20:45:28'),
(417, 96, 46, 2, '2024-12-10 20:45:28', '2024-12-10 20:46:31'),
(418, 96, 47, 2, '2024-12-10 20:46:31', '2024-12-10 20:47:30'),
(419, 96, 48, 1, '2024-12-10 20:47:30', '2024-12-10 20:47:30'),
(420, 97, 38, 1, '2024-12-10 21:18:54', '2024-12-10 21:18:54'),
(421, 98, 41, 1, '2024-12-11 00:09:29', '2024-12-11 00:09:29'),
(422, 98, 38, 2, '2024-12-11 00:09:51', '2025-01-11 01:24:34'),
(423, 99, 38, 1, '2024-12-11 12:27:01', '2024-12-11 12:27:01'),
(424, 100, 38, 2, '2024-12-11 16:52:48', '2024-12-11 16:52:58'),
(425, 100, 39, 2, '2024-12-11 16:52:58', '2024-12-12 22:55:58'),
(426, 91, 52, 2, '2024-12-11 18:53:02', '2024-12-11 18:54:07'),
(427, 91, 53, 2, '2024-12-11 18:54:07', '2024-12-11 18:55:16'),
(428, 91, 54, 2, '2024-12-11 18:55:16', '2024-12-11 18:57:22'),
(429, 91, 55, 2, '2024-12-11 18:57:22', '2024-12-12 03:11:40'),
(430, 101, 41, 2, '2024-12-11 20:55:40', '2024-12-11 20:56:50'),
(431, 101, 43, 1, '2024-12-11 20:56:50', '2024-12-11 20:56:50'),
(432, 101, 38, 2, '2024-12-11 20:57:02', '2024-12-11 20:57:21'),
(433, 101, 39, 2, '2024-12-11 20:57:21', '2024-12-11 20:57:46'),
(434, 101, 40, 1, '2024-12-11 20:57:46', '2024-12-11 20:57:46'),
(435, 101, 41, 1, '2024-12-11 20:57:52', '2024-12-11 20:57:52'),
(436, 91, 56, 2, '2024-12-12 03:11:40', '2024-12-12 03:13:42'),
(437, 91, 57, 2, '2024-12-12 03:13:42', '2024-12-12 03:14:51'),
(438, 91, 58, 2, '2024-12-12 03:14:51', '2024-12-12 03:17:30'),
(439, 91, 59, 2, '2024-12-12 03:17:30', '2024-12-12 03:18:24'),
(440, 91, 60, 2, '2024-12-12 03:18:24', '2024-12-12 03:19:42'),
(441, 91, 61, 2, '2024-12-12 03:19:42', '2024-12-12 03:20:36'),
(442, 91, 63, 2, '2024-12-12 03:20:36', '2024-12-12 03:23:21'),
(443, 91, 64, 2, '2024-12-12 03:23:21', '2024-12-12 14:05:25'),
(444, 91, 65, 2, '2024-12-12 14:05:25', '2024-12-12 14:06:52'),
(445, 91, 66, 2, '2024-12-12 14:06:52', '2024-12-12 14:07:40'),
(446, 91, 68, 2, '2024-12-12 14:07:40', '2024-12-12 14:08:30'),
(447, 91, 69, 2, '2024-12-12 14:08:30', '2024-12-12 14:09:49'),
(448, 91, 70, 2, '2024-12-12 14:09:49', '2024-12-12 14:10:45'),
(449, 91, 71, 2, '2024-12-12 14:10:45', '2024-12-12 14:13:28'),
(450, 91, 72, 2, '2024-12-12 14:13:28', '2024-12-12 14:14:22'),
(451, 91, 73, 2, '2024-12-12 14:14:22', '2024-12-12 14:15:24'),
(452, 91, 74, 2, '2024-12-12 14:15:24', '2024-12-12 14:16:33'),
(453, 91, 41, 2, '2024-12-12 14:16:55', '2024-12-12 14:18:33'),
(454, 91, 43, 2, '2024-12-12 14:18:33', '2024-12-12 14:19:11'),
(455, 91, 67, 2, '2024-12-12 14:19:11', '2024-12-12 14:19:51'),
(456, 91, 75, 2, '2024-12-12 14:19:51', '2024-12-12 14:20:40'),
(457, 91, 76, 2, '2024-12-12 14:20:40', '2024-12-12 14:22:38'),
(458, 91, 77, 2, '2024-12-12 14:22:38', '2024-12-12 14:26:21'),
(459, 91, 78, 2, '2024-12-12 14:26:21', '2024-12-12 14:29:05'),
(460, 91, 1, 2, '2024-12-12 14:29:55', '2024-12-12 14:30:54'),
(461, 91, 2, 2, '2024-12-12 14:30:54', '2024-12-12 18:08:38'),
(462, 91, 3, 2, '2024-12-12 18:08:38', '2024-12-12 18:09:41'),
(463, 91, 4, 2, '2024-12-12 18:09:41', '2024-12-12 18:12:45'),
(464, 91, 7, 2, '2024-12-12 18:12:45', '2024-12-12 18:14:53'),
(465, 91, 8, 2, '2024-12-12 18:14:53', '2024-12-12 18:16:28'),
(466, 91, 9, 2, '2024-12-12 18:16:28', '2024-12-12 18:17:06'),
(467, 91, 12, 2, '2024-12-12 18:17:06', '2024-12-12 18:18:08'),
(468, 91, 13, 2, '2024-12-12 18:18:08', '2024-12-12 18:19:57'),
(469, 91, 14, 2, '2024-12-12 18:19:57', '2024-12-12 18:21:12'),
(470, 91, 15, 2, '2024-12-12 18:21:12', '2024-12-12 18:22:24'),
(471, 91, 16, 2, '2024-12-12 18:22:24', '2024-12-12 18:23:44'),
(472, 91, 41, 1, '2024-12-12 18:24:06', '2024-12-12 18:24:06'),
(473, 91, 43, 1, '2024-12-12 18:24:59', '2024-12-12 18:24:59'),
(474, 100, 40, 2, '2024-12-12 22:55:58', '2024-12-16 23:08:58'),
(475, 103, 38, 2, '2024-12-14 04:52:54', '2024-12-14 04:53:12'),
(476, 103, 39, 2, '2024-12-14 04:53:12', '2024-12-14 04:53:39'),
(477, 103, 40, 1, '2024-12-14 04:53:39', '2024-12-14 04:53:39'),
(478, 37, 60, 2, '2024-12-15 17:14:30', '2024-12-15 17:15:06'),
(479, 37, 61, 2, '2024-12-15 17:15:06', '2024-12-15 17:15:42'),
(480, 37, 63, 2, '2024-12-15 17:15:42', '2024-12-20 15:43:31'),
(481, 112, 41, 1, '2024-12-16 05:39:15', '2024-12-16 05:39:15'),
(482, 100, 42, 2, '2024-12-16 23:08:58', '2024-12-18 00:09:23'),
(483, 113, 38, 2, '2024-12-17 18:20:05', '2024-12-17 18:21:02'),
(484, 113, 39, 2, '2024-12-17 18:21:02', '2024-12-17 18:21:31'),
(485, 113, 40, 2, '2024-12-17 18:21:31', '2024-12-17 18:24:30'),
(486, 113, 42, 2, '2024-12-17 18:24:30', '2024-12-17 18:31:45'),
(487, 113, 44, 2, '2024-12-17 18:31:45', '2024-12-17 19:47:34'),
(488, 113, 45, 2, '2024-12-17 19:47:34', '2024-12-17 19:48:44'),
(489, 113, 46, 2, '2024-12-17 19:48:44', '2024-12-17 21:59:20'),
(490, 114, 38, 1, '2024-12-17 20:43:25', '2024-12-17 20:43:25'),
(491, 113, 44, 1, '2024-12-17 21:58:40', '2024-12-17 21:58:40'),
(492, 113, 47, 2, '2024-12-17 21:59:20', '2024-12-17 22:00:38'),
(493, 113, 48, 2, '2024-12-17 22:00:38', '2024-12-17 22:01:37'),
(494, 113, 49, 2, '2024-12-17 22:01:37', '2024-12-17 22:02:07'),
(495, 113, 50, 2, '2024-12-17 22:02:07', '2024-12-17 23:14:52'),
(496, 113, 51, 2, '2024-12-17 23:14:52', '2024-12-17 23:16:14'),
(497, 113, 52, 2, '2024-12-17 23:16:14', '2024-12-17 23:51:33'),
(498, 113, 53, 2, '2024-12-17 23:51:33', '2024-12-17 23:52:42'),
(499, 113, 54, 2, '2024-12-17 23:52:42', '2024-12-18 00:13:02'),
(500, 100, 44, 2, '2024-12-18 00:09:23', '2024-12-23 00:00:53'),
(501, 113, 55, 2, '2024-12-18 00:13:02', '2024-12-18 00:14:54'),
(502, 113, 56, 2, '2024-12-18 00:14:54', '2024-12-18 00:16:25'),
(503, 113, 57, 2, '2024-12-18 00:16:25', '2024-12-18 00:18:48'),
(504, 113, 58, 2, '2024-12-18 00:18:48', '2024-12-18 00:38:49'),
(505, 113, 59, 2, '2024-12-18 00:38:49', '2024-12-18 00:39:43'),
(506, 113, 60, 2, '2024-12-18 00:39:43', '2024-12-18 01:03:28'),
(507, 113, 61, 2, '2024-12-18 01:03:28', '2024-12-18 01:05:30'),
(508, 113, 63, 2, '2024-12-18 01:05:30', '2024-12-18 19:39:23'),
(509, 115, 38, 2, '2024-12-18 11:18:33', '2024-12-18 11:18:43'),
(510, 115, 39, 2, '2024-12-18 11:18:43', '2024-12-18 11:18:57'),
(511, 115, 40, 2, '2024-12-18 11:18:57', '2024-12-18 11:19:38'),
(512, 115, 42, 2, '2024-12-18 11:19:38', '2024-12-18 11:21:50'),
(513, 115, 44, 2, '2024-12-18 11:21:50', '2024-12-18 11:24:21'),
(514, 115, 42, 1, '2024-12-18 11:23:36', '2024-12-18 11:23:36'),
(515, 115, 45, 2, '2024-12-18 11:24:21', '2024-12-18 11:24:56'),
(516, 115, 46, 2, '2024-12-18 11:24:56', '2024-12-18 11:25:58'),
(517, 115, 47, 2, '2024-12-18 11:25:58', '2024-12-18 11:26:32'),
(518, 115, 48, 2, '2024-12-18 11:26:32', '2024-12-18 11:30:20'),
(519, 115, 41, 2, '2024-12-18 11:26:38', '2024-12-18 11:28:35'),
(520, 115, 43, 2, '2024-12-18 11:28:35', '2024-12-18 12:33:07'),
(521, 115, 49, 2, '2024-12-18 11:30:20', '2024-12-18 11:31:29'),
(522, 115, 41, 1, '2024-12-18 11:30:36', '2024-12-18 11:30:36'),
(523, 115, 50, 2, '2024-12-18 11:31:29', '2024-12-18 11:31:58'),
(524, 115, 51, 2, '2024-12-18 11:31:58', '2024-12-18 11:33:19'),
(525, 115, 52, 2, '2024-12-18 11:33:19', '2024-12-18 11:34:22'),
(526, 115, 53, 2, '2024-12-18 11:34:22', '2024-12-18 11:34:58'),
(527, 115, 54, 2, '2024-12-18 11:34:58', '2024-12-18 11:38:55'),
(528, 115, 55, 2, '2024-12-18 11:38:55', '2024-12-18 11:40:16'),
(529, 115, 56, 2, '2024-12-18 11:40:16', '2024-12-18 11:40:54'),
(530, 115, 57, 2, '2024-12-18 11:40:54', '2024-12-18 11:43:37'),
(531, 115, 58, 2, '2024-12-18 11:43:37', '2024-12-18 11:44:16'),
(532, 115, 59, 2, '2024-12-18 11:44:16', '2024-12-18 11:45:13'),
(533, 115, 60, 2, '2024-12-18 11:45:13', '2024-12-18 11:46:50'),
(534, 115, 61, 2, '2024-12-18 11:46:50', '2024-12-18 11:47:21'),
(535, 115, 63, 2, '2024-12-18 11:47:21', '2024-12-18 11:49:48'),
(536, 115, 64, 2, '2024-12-18 11:49:48', '2024-12-18 11:50:32'),
(537, 115, 65, 2, '2024-12-18 11:50:32', '2024-12-18 11:52:22'),
(538, 115, 66, 2, '2024-12-18 11:52:22', '2024-12-18 11:53:39'),
(539, 115, 68, 2, '2024-12-18 11:53:39', '2024-12-18 11:54:01'),
(540, 115, 69, 2, '2024-12-18 11:54:01', '2024-12-18 12:29:51'),
(541, 115, 70, 2, '2024-12-18 12:29:51', '2024-12-18 12:30:28'),
(542, 115, 71, 2, '2024-12-18 12:30:28', '2024-12-18 12:30:53'),
(543, 115, 72, 2, '2024-12-18 12:30:53', '2024-12-18 12:31:21'),
(544, 115, 73, 2, '2024-12-18 12:31:21', '2024-12-18 12:31:43'),
(545, 115, 74, 2, '2024-12-18 12:31:43', '2024-12-18 12:32:26'),
(546, 115, 67, 2, '2024-12-18 12:33:07', '2024-12-18 12:33:47'),
(547, 115, 75, 2, '2024-12-18 12:33:47', '2024-12-18 12:35:35'),
(548, 115, 76, 2, '2024-12-18 12:35:35', '2024-12-18 17:19:17'),
(549, 115, 77, 2, '2024-12-18 17:19:17', '2024-12-18 17:20:24'),
(550, 115, 78, 2, '2024-12-18 17:20:24', '2024-12-18 17:25:13'),
(551, 115, 1, 2, '2024-12-18 17:25:24', '2024-12-18 17:27:25'),
(552, 115, 2, 2, '2024-12-18 17:27:25', '2024-12-18 17:29:50'),
(553, 115, 3, 2, '2024-12-18 17:29:50', '2024-12-18 17:32:52'),
(554, 115, 4, 2, '2024-12-18 17:32:52', '2024-12-18 17:34:18'),
(555, 115, 7, 2, '2024-12-18 17:34:18', '2024-12-18 17:36:12'),
(556, 115, 8, 2, '2024-12-18 17:36:12', '2024-12-18 17:39:42'),
(557, 115, 9, 2, '2024-12-18 17:39:42', '2024-12-18 19:51:34'),
(558, 113, 64, 2, '2024-12-18 19:39:23', '2024-12-18 19:49:12'),
(559, 113, 65, 2, '2024-12-18 19:49:12', '2024-12-18 21:56:28'),
(560, 115, 12, 2, '2024-12-18 19:51:34', '2024-12-18 19:53:36'),
(561, 115, 9, 1, '2024-12-18 19:52:29', '2024-12-18 19:52:29'),
(562, 115, 13, 2, '2024-12-18 19:53:36', '2024-12-18 19:53:53'),
(563, 115, 14, 2, '2024-12-18 19:53:53', '2024-12-18 19:54:16'),
(564, 115, 15, 2, '2024-12-18 19:54:16', '2024-12-18 19:55:40'),
(565, 115, 16, 2, '2024-12-18 19:55:40', '2024-12-18 19:56:26'),
(566, 115, 39, 1, '2024-12-18 19:57:06', '2024-12-18 19:57:06'),
(567, 113, 66, 2, '2024-12-18 21:56:28', '2024-12-18 21:57:55'),
(568, 113, 68, 2, '2024-12-18 21:57:55', '2024-12-18 21:59:26'),
(569, 113, 69, 2, '2024-12-18 21:59:26', '2024-12-18 21:59:57'),
(570, 113, 70, 2, '2024-12-18 21:59:57', '2024-12-18 22:00:41'),
(571, 113, 71, 2, '2024-12-18 22:00:41', '2024-12-18 22:01:22'),
(572, 113, 72, 2, '2024-12-18 22:01:22', '2024-12-18 22:02:25'),
(573, 113, 73, 2, '2024-12-18 22:02:25', '2024-12-18 22:34:10'),
(574, 113, 74, 2, '2024-12-18 22:34:10', '2024-12-18 22:35:28'),
(575, 113, 41, 2, '2024-12-18 22:35:52', '2024-12-18 22:36:57'),
(576, 113, 43, 2, '2024-12-18 22:36:57', '2024-12-18 23:18:18'),
(577, 113, 67, 2, '2024-12-18 23:18:18', '2024-12-18 23:23:07'),
(578, 113, 75, 2, '2024-12-18 23:23:07', '2024-12-18 23:24:00'),
(579, 113, 76, 1, '2024-12-18 23:24:00', '2024-12-18 23:24:00'),
(580, 90, 38, 2, '2024-12-19 08:10:30', '2024-12-19 08:11:21'),
(581, 90, 39, 2, '2024-12-19 08:11:21', '2024-12-19 08:11:48'),
(582, 90, 40, 2, '2024-12-19 08:11:48', '2024-12-19 08:13:14'),
(583, 90, 42, 2, '2024-12-19 08:13:14', '2024-12-19 08:15:51'),
(584, 90, 44, 2, '2024-12-19 08:15:51', '2024-12-19 08:16:18'),
(585, 90, 45, 2, '2024-12-19 08:16:18', '2024-12-19 08:18:42'),
(586, 90, 41, 1, '2024-12-19 08:16:26', '2024-12-19 08:16:26'),
(587, 90, 46, 2, '2024-12-19 08:18:42', '2024-12-19 08:20:31'),
(588, 90, 47, 2, '2024-12-19 08:20:31', '2024-12-19 08:21:01'),
(589, 90, 48, 2, '2024-12-19 08:21:01', '2024-12-19 08:21:51'),
(590, 90, 49, 2, '2024-12-19 08:21:51', '2024-12-19 08:22:11'),
(591, 90, 50, 2, '2024-12-19 08:22:11', '2024-12-19 08:22:38'),
(592, 90, 51, 2, '2024-12-19 08:22:38', '2024-12-19 08:23:23'),
(593, 90, 52, 2, '2024-12-19 08:23:23', '2024-12-19 08:24:21'),
(594, 90, 53, 2, '2024-12-19 08:24:21', '2024-12-19 08:25:06'),
(595, 90, 54, 2, '2024-12-19 08:25:06', '2024-12-19 08:25:43'),
(596, 90, 55, 2, '2024-12-19 08:25:43', '2024-12-19 08:27:03'),
(597, 90, 56, 2, '2024-12-19 08:27:03', '2024-12-19 08:28:09'),
(598, 90, 57, 2, '2024-12-19 08:28:09', '2024-12-19 08:34:03'),
(599, 90, 58, 2, '2024-12-19 08:34:03', '2024-12-19 08:35:19'),
(600, 90, 59, 2, '2024-12-19 08:35:19', '2024-12-19 08:36:11'),
(601, 90, 60, 2, '2024-12-19 08:36:11', '2024-12-19 08:40:01'),
(602, 90, 61, 2, '2024-12-19 08:40:01', '2024-12-19 08:41:28'),
(603, 90, 63, 2, '2024-12-19 08:41:28', '2024-12-19 08:42:34'),
(604, 90, 64, 2, '2024-12-19 08:42:34', '2024-12-19 08:43:32'),
(605, 90, 65, 2, '2024-12-19 08:43:32', '2024-12-19 08:46:32'),
(606, 90, 66, 2, '2024-12-19 08:46:32', '2024-12-19 08:47:39'),
(607, 90, 68, 2, '2024-12-19 08:47:39', '2024-12-19 08:48:12'),
(608, 90, 69, 2, '2024-12-19 08:48:12', '2024-12-19 08:48:38'),
(609, 90, 70, 2, '2024-12-19 08:48:38', '2024-12-19 08:49:17'),
(610, 90, 71, 2, '2024-12-19 08:49:17', '2024-12-19 08:50:23'),
(611, 90, 72, 2, '2024-12-19 08:50:23', '2024-12-19 08:50:58'),
(612, 90, 73, 2, '2024-12-19 08:50:58', '2024-12-19 08:51:23'),
(613, 90, 74, 2, '2024-12-19 08:51:23', '2024-12-19 08:52:25'),
(614, 50, 38, 2, '2024-12-20 00:42:06', '2024-12-20 00:42:14'),
(615, 50, 39, 2, '2024-12-20 00:42:14', '2024-12-20 00:42:30'),
(616, 50, 40, 1, '2024-12-20 00:42:30', '2024-12-20 00:42:30'),
(617, 37, 64, 2, '2024-12-20 15:43:31', '2024-12-21 23:21:11'),
(618, 37, 41, 1, '2024-12-20 15:43:40', '2024-12-20 15:43:40'),
(619, 116, 38, 1, '2024-12-21 05:36:40', '2024-12-21 05:36:40'),
(620, 37, 65, 2, '2024-12-21 23:21:11', '2024-12-21 23:21:45'),
(621, 37, 66, 2, '2024-12-21 23:21:45', '2024-12-21 23:22:10'),
(622, 37, 68, 2, '2024-12-21 23:22:10', '2024-12-29 23:30:50'),
(623, 117, 38, 1, '2024-12-22 02:36:20', '2024-12-22 02:36:20'),
(624, 100, 45, 2, '2024-12-23 00:00:53', '2024-12-24 23:52:27'),
(625, 118, 38, 1, '2024-12-24 16:20:14', '2024-12-24 16:20:14'),
(626, 100, 46, 2, '2024-12-24 23:52:27', '2024-12-25 23:08:38'),
(627, 100, 47, 2, '2024-12-25 23:08:38', '2024-12-26 23:06:20'),
(628, 119, 38, 2, '2024-12-25 23:24:06', '2024-12-25 23:24:27'),
(629, 119, 39, 2, '2024-12-25 23:24:27', '2024-12-25 23:24:41'),
(630, 119, 40, 2, '2024-12-25 23:24:41', '2024-12-25 23:28:25'),
(631, 119, 42, 2, '2024-12-25 23:28:25', '2024-12-25 23:28:56'),
(632, 119, 44, 2, '2024-12-25 23:28:56', '2024-12-25 23:29:38'),
(633, 119, 45, 2, '2024-12-25 23:29:38', '2024-12-25 23:30:16'),
(634, 119, 46, 2, '2024-12-25 23:30:16', '2024-12-25 23:31:30'),
(635, 119, 47, 2, '2024-12-25 23:31:30', '2024-12-25 23:31:56'),
(636, 119, 48, 2, '2024-12-25 23:31:56', '2024-12-25 23:32:33'),
(637, 119, 49, 2, '2024-12-25 23:32:33', '2024-12-25 23:33:01'),
(638, 119, 50, 2, '2024-12-25 23:33:01', '2024-12-25 23:33:24'),
(639, 119, 51, 2, '2024-12-25 23:33:24', '2024-12-25 23:33:58'),
(640, 119, 52, 2, '2024-12-25 23:33:58', '2024-12-25 23:34:22'),
(641, 119, 53, 2, '2024-12-25 23:34:22', '2024-12-25 23:49:49'),
(642, 119, 41, 2, '2024-12-25 23:34:36', '2024-12-25 23:35:31'),
(643, 119, 43, 2, '2024-12-25 23:35:31', '2024-12-25 23:39:40'),
(644, 119, 41, 1, '2024-12-25 23:35:39', '2024-12-25 23:35:39'),
(645, 119, 1, 2, '2024-12-25 23:36:15', '2024-12-25 23:37:27'),
(646, 119, 2, 2, '2024-12-25 23:37:27', '2024-12-25 23:38:57'),
(647, 119, 3, 2, '2024-12-25 23:38:57', '2024-12-25 23:45:49'),
(648, 119, 67, 2, '2024-12-25 23:39:40', '2024-12-25 23:40:12'),
(649, 119, 75, 2, '2024-12-25 23:40:12', '2024-12-25 23:40:36'),
(650, 119, 76, 2, '2024-12-25 23:40:36', '2024-12-25 23:41:54'),
(651, 119, 77, 2, '2024-12-25 23:41:54', '2024-12-25 23:43:12'),
(652, 119, 78, 2, '2024-12-25 23:43:12', '2024-12-25 23:44:58'),
(653, 119, 4, 2, '2024-12-25 23:45:49', '2024-12-25 23:46:34'),
(654, 119, 7, 2, '2024-12-25 23:46:34', '2024-12-25 23:47:25'),
(655, 119, 8, 2, '2024-12-25 23:47:25', '2024-12-25 23:47:50'),
(656, 119, 9, 2, '2024-12-25 23:47:50', '2024-12-25 23:48:29'),
(657, 119, 12, 2, '2024-12-25 23:48:29', '2024-12-25 23:49:11'),
(658, 119, 13, 2, '2024-12-25 23:49:11', '2024-12-25 23:52:57'),
(659, 119, 54, 2, '2024-12-25 23:49:49', '2024-12-25 23:50:42'),
(660, 119, 55, 2, '2024-12-25 23:50:42', '2024-12-25 23:51:28'),
(661, 119, 56, 2, '2024-12-25 23:51:28', '2024-12-25 23:51:51'),
(662, 119, 57, 2, '2024-12-25 23:51:51', '2024-12-25 23:52:24'),
(663, 119, 58, 1, '2024-12-25 23:52:24', '2024-12-25 23:52:24'),
(664, 119, 14, 2, '2024-12-25 23:52:57', '2024-12-25 23:53:40'),
(665, 119, 15, 1, '2024-12-25 23:53:40', '2024-12-25 23:53:40'),
(666, 120, 38, 2, '2024-12-26 12:25:29', '2024-12-26 12:25:44'),
(667, 120, 39, 2, '2024-12-26 12:25:44', '2024-12-26 18:30:52'),
(668, 38, 43, 1, '2024-12-26 14:08:42', '2024-12-26 14:08:42'),
(669, 120, 40, 2, '2024-12-26 18:30:52', '2024-12-26 18:37:24'),
(670, 120, 42, 2, '2024-12-26 18:37:24', '2024-12-26 18:38:34'),
(671, 120, 44, 2, '2024-12-26 18:38:34', '2024-12-26 18:39:20'),
(672, 120, 45, 2, '2024-12-26 18:39:20', '2024-12-26 18:39:59'),
(673, 120, 46, 2, '2024-12-26 18:39:59', '2024-12-26 18:41:03'),
(674, 120, 47, 2, '2024-12-26 18:41:03', '2024-12-26 18:42:06'),
(675, 120, 48, 2, '2024-12-26 18:42:06', '2024-12-26 18:44:27'),
(676, 120, 49, 2, '2024-12-26 18:44:27', '2024-12-26 19:33:03'),
(677, 120, 50, 2, '2024-12-26 19:33:03', '2024-12-26 19:33:46'),
(678, 120, 51, 2, '2024-12-26 19:33:46', '2024-12-26 19:36:40'),
(679, 120, 52, 2, '2024-12-26 19:36:40', '2024-12-26 19:40:14'),
(680, 120, 53, 2, '2024-12-26 19:40:14', '2024-12-26 19:42:27'),
(681, 120, 54, 2, '2024-12-26 19:42:27', '2024-12-26 19:43:22'),
(682, 120, 55, 2, '2024-12-26 19:43:22', '2024-12-26 19:44:48'),
(683, 120, 56, 2, '2024-12-26 19:44:48', '2024-12-26 19:45:42'),
(684, 120, 57, 2, '2024-12-26 19:45:42', '2024-12-26 19:49:07'),
(685, 120, 58, 2, '2024-12-26 19:49:07', '2024-12-26 19:49:58'),
(686, 120, 59, 2, '2024-12-26 19:49:58', '2024-12-26 19:50:48'),
(687, 120, 60, 2, '2024-12-26 19:50:48', '2024-12-26 19:52:15'),
(688, 120, 61, 2, '2024-12-26 19:52:15', '2024-12-26 19:53:14'),
(689, 120, 63, 2, '2024-12-26 19:53:14', '2024-12-26 20:00:12'),
(690, 120, 64, 2, '2024-12-26 20:00:12', '2024-12-26 20:05:45'),
(691, 120, 65, 2, '2024-12-26 20:05:45', '2024-12-26 20:07:39'),
(692, 120, 66, 2, '2024-12-26 20:07:39', '2024-12-26 20:08:36'),
(693, 120, 68, 2, '2024-12-26 20:08:36', '2024-12-26 20:09:28'),
(694, 120, 69, 2, '2024-12-26 20:09:28', '2024-12-26 20:10:33'),
(695, 120, 70, 2, '2024-12-26 20:10:33', '2024-12-26 20:11:29'),
(696, 120, 71, 2, '2024-12-26 20:11:29', '2024-12-26 20:12:19'),
(697, 120, 72, 2, '2024-12-26 20:12:19', '2024-12-26 20:13:22'),
(698, 120, 73, 2, '2024-12-26 20:13:22', '2024-12-26 20:14:11'),
(699, 120, 74, 2, '2024-12-26 20:14:11', '2024-12-26 20:15:06'),
(700, 120, 79, 2, '2024-12-26 20:15:06', '2024-12-26 20:15:45'),
(701, 120, 81, 2, '2024-12-26 20:15:45', '2024-12-26 20:16:24'),
(702, 120, 41, 2, '2024-12-26 20:17:21', '2024-12-26 20:18:45'),
(703, 120, 43, 2, '2024-12-26 20:18:45', '2024-12-26 20:20:03'),
(704, 120, 39, 1, '2024-12-26 20:18:50', '2024-12-26 20:18:50'),
(705, 120, 67, 2, '2024-12-26 20:20:03', '2024-12-26 20:20:42'),
(706, 120, 75, 2, '2024-12-26 20:20:42', '2024-12-26 20:21:37'),
(707, 120, 76, 2, '2024-12-26 20:21:37', '2024-12-26 20:32:32'),
(708, 120, 77, 2, '2024-12-26 20:32:32', '2024-12-26 20:35:21'),
(709, 120, 78, 2, '2024-12-26 20:35:21', '2024-12-26 20:48:27'),
(710, 120, 1, 2, '2024-12-26 20:49:07', '2024-12-26 20:50:53'),
(711, 120, 2, 2, '2024-12-26 20:50:53', '2024-12-26 21:09:55'),
(712, 120, 3, 2, '2024-12-26 21:09:55', '2024-12-26 21:12:28'),
(713, 120, 4, 2, '2024-12-26 21:12:28', '2024-12-26 21:13:50'),
(714, 120, 7, 2, '2024-12-26 21:13:50', '2024-12-26 21:15:23'),
(715, 120, 8, 2, '2024-12-26 21:15:23', '2024-12-26 21:16:17'),
(716, 120, 9, 2, '2024-12-26 21:16:17', '2024-12-26 21:17:03'),
(717, 120, 12, 2, '2024-12-26 21:17:03', '2024-12-26 21:18:47'),
(718, 120, 13, 2, '2024-12-26 21:18:47', '2024-12-26 21:19:30'),
(719, 120, 14, 2, '2024-12-26 21:19:30', '2024-12-26 21:19:59'),
(720, 120, 15, 2, '2024-12-26 21:19:59', '2024-12-26 21:20:28'),
(721, 120, 16, 2, '2024-12-26 21:20:28', '2024-12-26 21:21:18'),
(722, 120, 80, 2, '2024-12-26 21:21:18', '2024-12-26 21:24:31'),
(723, 120, 82, 2, '2024-12-26 21:24:31', '2024-12-26 21:25:07'),
(724, 120, 41, 1, '2024-12-26 21:26:04', '2024-12-26 21:26:04'),
(725, 120, 43, 1, '2024-12-26 21:27:27', '2024-12-26 21:27:27'),
(726, 100, 48, 2, '2024-12-26 23:06:20', '2024-12-28 23:44:12'),
(727, 49, 41, 2, '2024-12-27 08:10:29', '2024-12-27 08:12:32'),
(728, 49, 43, 2, '2024-12-27 08:12:32', '2024-12-27 08:13:39'),
(729, 49, 67, 2, '2024-12-27 08:13:39', '2024-12-27 08:14:13'),
(730, 49, 75, 2, '2024-12-27 08:14:13', '2024-12-27 08:15:01'),
(731, 49, 76, 2, '2024-12-27 08:15:01', '2024-12-27 08:16:38'),
(732, 49, 77, 2, '2024-12-27 08:16:38', '2024-12-27 08:18:16'),
(733, 49, 78, 1, '2024-12-27 08:18:16', '2024-12-27 08:18:16'),
(734, 121, 38, 2, '2024-12-28 15:12:05', '2024-12-28 15:12:39'),
(735, 121, 39, 2, '2024-12-28 15:12:39', '2024-12-28 15:13:01'),
(736, 121, 40, 2, '2024-12-28 15:13:01', '2024-12-28 15:13:57'),
(737, 121, 42, 2, '2024-12-28 15:13:57', '2024-12-28 15:14:28'),
(738, 121, 44, 2, '2024-12-28 15:14:28', '2024-12-28 17:28:40'),
(739, 121, 45, 2, '2024-12-28 17:28:40', '2024-12-28 17:29:28'),
(740, 121, 46, 2, '2024-12-28 17:29:28', '2024-12-30 10:33:09'),
(741, 100, 49, 2, '2024-12-28 23:44:12', '2025-01-02 23:57:39'),
(742, 122, 38, 1, '2024-12-29 13:19:32', '2024-12-29 13:19:32'),
(743, 122, 1, 1, '2024-12-29 13:22:44', '2024-12-29 13:22:44'),
(744, 123, 41, 1, '2024-12-29 22:02:35', '2024-12-29 22:02:35'),
(745, 37, 69, 2, '2024-12-29 23:30:50', '2025-01-08 16:58:44'),
(746, 121, 47, 1, '2024-12-30 10:33:09', '2024-12-30 10:33:09'),
(747, 113, 41, 1, '2024-12-30 23:23:06', '2024-12-30 23:23:06'),
(748, 124, 41, 1, '2024-12-31 03:40:14', '2024-12-31 03:40:14'),
(749, 124, 38, 1, '2024-12-31 03:41:19', '2024-12-31 03:41:19'),
(750, 100, 50, 2, '2025-01-02 23:57:39', '2025-01-04 00:03:47'),
(751, 38, 55, 2, '2025-01-03 11:08:48', '2025-01-03 11:10:14'),
(752, 38, 56, 2, '2025-01-03 11:10:14', '2025-01-03 11:11:16'),
(753, 38, 57, 2, '2025-01-03 11:11:16', '2025-01-03 11:12:22'),
(754, 38, 58, 2, '2025-01-03 11:12:22', '2025-01-03 11:13:34'),
(755, 38, 59, 2, '2025-01-03 11:13:34', '2025-01-03 11:14:16'),
(756, 38, 60, 2, '2025-01-03 11:14:16', '2025-01-03 11:15:38'),
(757, 38, 61, 2, '2025-01-03 11:15:38', '2025-01-03 11:17:17'),
(758, 125, 38, 2, '2025-01-03 11:16:08', '2025-01-03 11:16:36'),
(759, 125, 39, 2, '2025-01-03 11:16:36', '2025-01-03 11:17:00'),
(760, 125, 40, 2, '2025-01-03 11:17:00', '2025-01-03 11:18:15'),
(761, 38, 63, 2, '2025-01-03 11:17:17', '2025-01-08 22:10:30'),
(762, 125, 42, 2, '2025-01-03 11:18:15', '2025-01-03 11:19:39'),
(763, 125, 44, 2, '2025-01-03 11:19:39', '2025-01-03 11:20:33'),
(764, 125, 45, 2, '2025-01-03 11:20:33', '2025-01-03 11:21:10'),
(765, 125, 46, 2, '2025-01-03 11:21:10', '2025-01-03 11:23:47'),
(766, 125, 47, 2, '2025-01-03 11:23:47', '2025-01-03 11:24:34'),
(767, 125, 48, 1, '2025-01-03 11:24:34', '2025-01-03 11:24:34'),
(768, 51, 38, 2, '2025-01-03 19:27:52', '2025-01-03 19:28:11'),
(769, 51, 39, 2, '2025-01-03 19:28:11', '2025-01-03 19:28:28'),
(770, 51, 40, 2, '2025-01-03 19:28:28', '2025-01-03 19:29:12'),
(771, 51, 42, 2, '2025-01-03 19:29:12', '2025-01-03 19:29:43'),
(772, 51, 44, 2, '2025-01-03 19:29:43', '2025-01-03 19:30:32'),
(773, 51, 45, 2, '2025-01-03 19:30:32', '2025-01-03 19:31:22'),
(774, 51, 46, 2, '2025-01-03 19:31:22', '2025-01-03 19:33:43'),
(775, 51, 47, 2, '2025-01-03 19:33:43', '2025-01-03 19:34:36'),
(776, 51, 48, 2, '2025-01-03 19:34:36', '2025-01-03 19:35:22'),
(777, 51, 49, 2, '2025-01-03 19:35:22', '2025-01-03 19:36:22'),
(778, 51, 50, 2, '2025-01-03 19:36:22', '2025-01-03 19:36:54'),
(779, 51, 51, 2, '2025-01-03 19:36:54', '2025-01-04 05:50:01'),
(780, 100, 51, 2, '2025-01-04 00:03:47', '2025-01-05 23:28:26'),
(781, 51, 52, 2, '2025-01-04 05:50:01', '2025-01-04 05:52:37'),
(782, 51, 53, 2, '2025-01-04 05:52:37', '2025-01-04 05:53:40'),
(783, 51, 54, 2, '2025-01-04 05:53:40', '2025-01-06 15:26:37'),
(784, 126, 38, 2, '2025-01-04 22:03:36', '2025-01-04 22:03:43'),
(785, 126, 39, 2, '2025-01-04 22:03:43', '2025-01-04 22:03:53'),
(786, 126, 40, 1, '2025-01-04 22:03:53', '2025-01-04 22:03:53'),
(787, 69, 41, 1, '2025-01-05 02:38:29', '2025-01-05 02:38:29'),
(788, 69, 1, 1, '2025-01-05 02:39:55', '2025-01-05 02:39:55'),
(789, 65, 38, 2, '2025-01-05 12:54:27', '2025-01-05 12:54:42'),
(790, 65, 39, 2, '2025-01-05 12:54:42', '2025-01-05 12:55:03'),
(791, 65, 40, 1, '2025-01-05 12:55:03', '2025-01-05 12:55:03'),
(792, 100, 52, 1, '2025-01-05 23:28:26', '2025-01-05 23:28:26'),
(793, 51, 55, 1, '2025-01-06 15:26:37', '2025-01-06 15:26:37'),
(794, 127, 38, 2, '2025-01-07 17:33:13', '2025-01-07 17:33:32'),
(795, 127, 39, 2, '2025-01-07 17:33:32', '2025-01-07 17:34:15'),
(796, 127, 40, 2, '2025-01-07 17:34:15', '2025-01-12 16:02:54'),
(797, 128, 38, 1, '2025-01-07 22:32:07', '2025-01-07 22:32:07'),
(798, 37, 70, 1, '2025-01-08 16:58:44', '2025-01-08 16:58:44'),
(799, 129, 38, 2, '2025-01-08 20:03:33', '2025-01-08 20:03:45'),
(800, 129, 39, 2, '2025-01-08 20:03:45', '2025-01-08 20:03:59'),
(801, 129, 40, 2, '2025-01-08 20:03:59', '2025-01-08 20:07:33'),
(802, 129, 42, 2, '2025-01-08 20:07:33', '2025-01-08 20:09:07'),
(803, 129, 44, 2, '2025-01-08 20:09:07', '2025-01-08 20:09:52'),
(804, 129, 45, 2, '2025-01-08 20:09:52', '2025-01-08 20:21:57'),
(805, 129, 46, 2, '2025-01-08 20:21:57', '2025-01-08 20:24:35'),
(806, 129, 47, 2, '2025-01-08 20:24:35', '2025-01-08 20:25:19'),
(807, 129, 48, 2, '2025-01-08 20:25:19', '2025-01-08 20:27:28'),
(808, 129, 49, 2, '2025-01-08 20:27:28', '2025-01-08 20:28:29'),
(809, 129, 50, 2, '2025-01-08 20:28:29', '2025-01-08 20:29:04'),
(810, 129, 51, 2, '2025-01-08 20:29:04', '2025-01-08 20:43:36'),
(811, 129, 52, 2, '2025-01-08 20:43:36', '2025-01-08 20:44:07'),
(812, 129, 53, 2, '2025-01-08 20:44:07', '2025-01-08 20:52:08'),
(813, 129, 54, 2, '2025-01-08 20:52:08', '2025-01-08 20:53:16'),
(814, 129, 55, 2, '2025-01-08 20:53:16', '2025-01-08 20:54:22'),
(815, 129, 56, 2, '2025-01-08 20:54:22', '2025-01-08 20:55:03'),
(816, 129, 57, 2, '2025-01-08 20:55:03', '2025-01-08 21:09:27'),
(817, 129, 58, 2, '2025-01-08 21:09:27', '2025-01-08 21:10:30'),
(818, 129, 59, 2, '2025-01-08 21:10:30', '2025-01-08 21:11:25'),
(819, 129, 60, 2, '2025-01-08 21:11:25', '2025-01-08 21:11:58'),
(820, 129, 61, 2, '2025-01-08 21:11:58', '2025-01-08 21:12:27'),
(821, 129, 63, 2, '2025-01-08 21:12:27', '2025-01-08 21:12:49'),
(822, 129, 64, 2, '2025-01-08 21:12:49', '2025-01-08 21:14:06'),
(823, 129, 65, 2, '2025-01-08 21:14:06', '2025-01-08 21:17:13'),
(824, 129, 66, 2, '2025-01-08 21:17:13', '2025-01-08 21:17:59'),
(825, 129, 68, 2, '2025-01-08 21:17:59', '2025-01-08 21:18:54'),
(826, 129, 69, 2, '2025-01-08 21:18:54', '2025-01-09 10:26:46'),
(827, 38, 64, 2, '2025-01-08 22:10:30', '2025-01-08 22:11:17'),
(828, 38, 65, 2, '2025-01-08 22:11:17', '2025-01-08 22:11:47'),
(829, 38, 66, 2, '2025-01-08 22:11:47', '2025-01-08 22:12:38'),
(830, 38, 68, 2, '2025-01-08 22:12:38', '2025-01-08 22:13:17'),
(831, 38, 69, 2, '2025-01-08 22:13:17', '2025-01-08 22:13:46'),
(832, 38, 70, 2, '2025-01-08 22:13:46', '2025-01-08 22:14:33'),
(833, 38, 71, 2, '2025-01-08 22:14:33', '2025-01-08 22:14:57'),
(834, 38, 72, 2, '2025-01-08 22:14:57', '2025-01-08 22:15:49'),
(835, 38, 73, 2, '2025-01-08 22:15:49', '2025-01-08 22:16:11'),
(836, 38, 74, 2, '2025-01-08 22:16:11', '2025-01-08 22:16:36'),
(837, 38, 79, 2, '2025-01-08 22:16:36', '2025-01-08 22:17:03'),
(838, 38, 81, 2, '2025-01-08 22:17:03', '2025-01-08 22:17:23'),
(839, 38, 83, 2, '2025-01-08 22:17:23', '2025-01-08 22:18:31'),
(840, 38, 84, 2, '2025-01-08 22:18:31', '2025-01-08 22:18:49'),
(841, 38, 85, 2, '2025-01-08 22:18:49', '2025-01-08 22:19:15'),
(842, 38, 86, 2, '2025-01-08 22:19:15', '2025-01-08 22:19:58'),
(843, 38, 87, 2, '2025-01-08 22:19:58', '2025-01-08 22:20:34'),
(844, 38, 16, 1, '2025-01-08 22:20:44', '2025-01-08 22:20:44'),
(845, 38, 80, 1, '2025-01-08 22:21:18', '2025-01-08 22:21:18'),
(846, 38, 67, 1, '2025-01-08 22:21:41', '2025-01-08 22:21:41'),
(847, 129, 70, 2, '2025-01-09 10:26:46', '2025-01-09 10:32:04'),
(848, 129, 71, 2, '2025-01-09 10:32:04', '2025-01-09 10:33:11'),
(849, 129, 72, 2, '2025-01-09 10:33:11', '2025-01-09 10:33:56'),
(850, 129, 73, 2, '2025-01-09 10:33:56', '2025-01-09 10:34:20'),
(851, 129, 74, 2, '2025-01-09 10:34:20', '2025-01-09 10:40:26'),
(852, 129, 79, 2, '2025-01-09 10:40:26', '2025-01-09 15:10:14'),
(853, 129, 81, 2, '2025-01-09 15:10:14', '2025-01-09 15:10:32'),
(854, 129, 83, 2, '2025-01-09 15:10:32', '2025-01-09 15:11:32'),
(855, 129, 84, 2, '2025-01-09 15:11:32', '2025-01-09 15:11:46'),
(856, 129, 85, 2, '2025-01-09 15:11:46', '2025-01-09 15:12:08'),
(857, 129, 86, 2, '2025-01-09 15:12:08', '2025-01-09 15:13:09'),
(858, 129, 87, 2, '2025-01-09 15:13:09', '2025-01-09 15:14:34'),
(859, 129, 1, 1, '2025-01-09 15:14:51', '2025-01-09 15:14:51'),
(860, 129, 41, 2, '2025-01-09 20:30:41', '2025-01-09 20:32:45'),
(861, 129, 43, 2, '2025-01-09 20:32:45', '2025-01-09 20:33:22'),
(862, 129, 67, 2, '2025-01-09 20:33:22', '2025-01-09 20:33:41'),
(863, 129, 75, 2, '2025-01-09 20:33:41', '2025-01-09 20:34:39'),
(864, 129, 41, 1, '2025-01-09 20:33:51', '2025-01-09 20:33:51'),
(865, 129, 76, 1, '2025-01-09 20:34:39', '2025-01-09 20:34:39'),
(866, 129, 40, 1, '2025-01-09 20:34:43', '2025-01-09 20:34:43'),
(867, 130, 38, 2, '2025-01-10 16:53:01', '2025-01-12 18:57:58'),
(868, 98, 39, 1, '2025-01-11 01:24:34', '2025-01-11 01:24:34'),
(869, 131, 38, 2, '2025-01-11 03:25:23', '2025-01-11 03:25:34'),
(870, 131, 39, 2, '2025-01-11 03:25:34', '2025-01-11 03:25:58'),
(871, 131, 40, 2, '2025-01-11 03:25:58', '2025-01-12 18:04:12'),
(872, 90, 74, 1, '2025-01-11 08:46:39', '2025-01-11 08:46:39'),
(873, 90, 79, 2, '2025-01-11 08:47:29', '2025-01-11 08:50:14'),
(874, 90, 81, 1, '2025-01-11 08:50:14', '2025-01-11 08:50:14'),
(875, 90, 39, 1, '2025-01-11 08:52:28', '2025-01-11 08:52:28'),
(876, 127, 42, 2, '2025-01-12 16:02:54', '2025-01-12 16:07:27'),
(877, 127, 44, 2, '2025-01-12 16:07:27', '2025-01-12 16:08:51'),
(878, 127, 45, 2, '2025-01-12 16:08:51', '2025-01-12 16:10:48'),
(879, 127, 46, 1, '2025-01-12 16:10:48', '2025-01-12 16:10:48'),
(880, 131, 38, 1, '2025-01-12 16:47:41', '2025-01-12 16:47:41'),
(881, 131, 39, 1, '2025-01-12 16:47:57', '2025-01-12 16:47:57'),
(882, 131, 42, 2, '2025-01-12 18:04:12', '2025-01-12 18:09:07'),
(883, 131, 40, 1, '2025-01-12 18:04:20', '2025-01-12 18:04:20'),
(884, 131, 44, 2, '2025-01-12 18:09:07', '2025-01-12 18:11:15'),
(885, 131, 45, 2, '2025-01-12 18:11:15', '2025-01-12 19:01:17'),
(886, 130, 39, 1, '2025-01-12 18:57:58', '2025-01-12 18:57:58'),
(887, 131, 46, 2, '2025-01-12 19:01:17', '2025-01-12 19:01:52'),
(888, 131, 47, 2, '2025-01-12 19:01:52', '2025-01-12 19:02:38'),
(889, 131, 48, 1, '2025-01-12 19:02:38', '2025-01-12 19:02:38');

--
-- Indexes for dumped tables
--

--
-- Indexes for table `categories`
--
ALTER TABLE `categories`
  ADD PRIMARY KEY (`id`);

--
-- Indexes for table `challenges`
--
ALTER TABLE `challenges`
  ADD PRIMARY KEY (`id`),
  ADD KEY `challenges_level_id_foreign` (`level_id`);

--
-- Indexes for table `failed_jobs`
--
ALTER TABLE `failed_jobs`
  ADD PRIMARY KEY (`id`),
  ADD UNIQUE KEY `failed_jobs_uuid_unique` (`uuid`);

--
-- Indexes for table `levels`
--
ALTER TABLE `levels`
  ADD PRIMARY KEY (`id`);

--
-- Indexes for table `migrations`
--
ALTER TABLE `migrations`
  ADD PRIMARY KEY (`id`);

--
-- Indexes for table `model_has_permissions`
--
ALTER TABLE `model_has_permissions`
  ADD PRIMARY KEY (`permission_id`,`model_id`,`model_type`),
  ADD KEY `model_has_permissions_model_id_model_type_index` (`model_id`,`model_type`);

--
-- Indexes for table `model_has_roles`
--
ALTER TABLE `model_has_roles`
  ADD PRIMARY KEY (`role_id`,`model_id`,`model_type`),
  ADD KEY `model_has_roles_model_id_model_type_index` (`model_id`,`model_type`);

--
-- Indexes for table `oauth_personal_access_clients`
--
ALTER TABLE `oauth_personal_access_clients`
  ADD PRIMARY KEY (`id`);

--
-- Indexes for table `permissions`
--
ALTER TABLE `permissions`
  ADD PRIMARY KEY (`id`),
  ADD UNIQUE KEY `permissions_name_guard_name_unique` (`name`,`guard_name`);

--
-- Indexes for table `points`
--
ALTER TABLE `points`
  ADD PRIMARY KEY (`id`),
  ADD KEY `points_level_id_foreign` (`level_id`);

--
-- Indexes for table `roles`
--
ALTER TABLE `roles`
  ADD PRIMARY KEY (`id`),
  ADD UNIQUE KEY `roles_name_guard_name_unique` (`name`,`guard_name`);

--
-- Indexes for table `role_has_permissions`
--
ALTER TABLE `role_has_permissions`
  ADD PRIMARY KEY (`permission_id`,`role_id`),
  ADD KEY `role_has_permissions_role_id_foreign` (`role_id`);

--
-- Indexes for table `user_levels`
--
ALTER TABLE `user_levels`
  ADD PRIMARY KEY (`id`),
  ADD KEY `user_levels_user_id_foreign` (`user_id`),
  ADD KEY `user_levels_level_id_foreign` (`level_id`);

--
-- AUTO_INCREMENT for dumped tables
--

--
-- AUTO_INCREMENT for table `categories`
--
ALTER TABLE `categories`
  MODIFY `id` bigint(20) UNSIGNED NOT NULL AUTO_INCREMENT, AUTO_INCREMENT=8;

--
-- AUTO_INCREMENT for table `challenges`
--
ALTER TABLE `challenges`
  MODIFY `id` bigint(20) UNSIGNED NOT NULL AUTO_INCREMENT, AUTO_INCREMENT=13;

--
-- AUTO_INCREMENT for table `failed_jobs`
--
ALTER TABLE `failed_jobs`
  MODIFY `id` bigint(20) UNSIGNED NOT NULL AUTO_INCREMENT;

--
-- AUTO_INCREMENT for table `levels`
--
ALTER TABLE `levels`
  MODIFY `id` bigint(20) UNSIGNED NOT NULL AUTO_INCREMENT, AUTO_INCREMENT=88;

--
-- AUTO_INCREMENT for table `migrations`
--
ALTER TABLE `migrations`
  MODIFY `id` int(10) UNSIGNED NOT NULL AUTO_INCREMENT, AUTO_INCREMENT=14;

--
-- AUTO_INCREMENT for table `oauth_personal_access_clients`
--
ALTER TABLE `oauth_personal_access_clients`
  MODIFY `id` int(10) UNSIGNED NOT NULL AUTO_INCREMENT, AUTO_INCREMENT=2;

--
-- AUTO_INCREMENT for table `permissions`
--
ALTER TABLE `permissions`
  MODIFY `id` bigint(20) UNSIGNED NOT NULL AUTO_INCREMENT;

--
-- AUTO_INCREMENT for table `points`
--
ALTER TABLE `points`
  MODIFY `id` bigint(20) UNSIGNED NOT NULL AUTO_INCREMENT, AUTO_INCREMENT=475;

--
-- AUTO_INCREMENT for table `roles`
--
ALTER TABLE `roles`
  MODIFY `id` bigint(20) UNSIGNED NOT NULL AUTO_INCREMENT, AUTO_INCREMENT=3;

--
-- AUTO_INCREMENT for table `user_levels`
--
ALTER TABLE `user_levels`
  MODIFY `id` bigint(20) UNSIGNED NOT NULL AUTO_INCREMENT, AUTO_INCREMENT=890;

--
-- Constraints for dumped tables
--

--
-- Constraints for table `challenges`
--
ALTER TABLE `challenges`
  ADD CONSTRAINT `challenges_level_id_foreign` FOREIGN KEY (`level_id`) REFERENCES `levels` (`id`) ON DELETE CASCADE;

--
-- Constraints for table `model_has_permissions`
--
ALTER TABLE `model_has_permissions`
  ADD CONSTRAINT `model_has_permissions_permission_id_foreign` FOREIGN KEY (`permission_id`) REFERENCES `permissions` (`id`) ON DELETE CASCADE;

--
-- Constraints for table `model_has_roles`
--
ALTER TABLE `model_has_roles`
  ADD CONSTRAINT `model_has_roles_role_id_foreign` FOREIGN KEY (`role_id`) REFERENCES `roles` (`id`) ON DELETE CASCADE;

--
-- Constraints for table `points`
--
ALTER TABLE `points`
  ADD CONSTRAINT `points_level_id_foreign` FOREIGN KEY (`level_id`) REFERENCES `levels` (`id`) ON DELETE CASCADE;

--
-- Constraints for table `role_has_permissions`
--
ALTER TABLE `role_has_permissions`
  ADD CONSTRAINT `role_has_permissions_permission_id_foreign` FOREIGN KEY (`permission_id`) REFERENCES `permissions` (`id`) ON DELETE CASCADE,
  ADD CONSTRAINT `role_has_permissions_role_id_foreign` FOREIGN KEY (`role_id`) REFERENCES `roles` (`id`) ON DELETE CASCADE;

--
-- Constraints for table `user_levels`
--
ALTER TABLE `user_levels`
  ADD CONSTRAINT `user_levels_level_id_foreign` FOREIGN KEY (`level_id`) REFERENCES `levels` (`id`) ON DELETE CASCADE,
  ADD CONSTRAINT `user_levels_user_id_foreign` FOREIGN KEY (`user_id`) REFERENCES `users` (`id`) ON DELETE CASCADE;
COMMIT;

